Climate Report   Welcome to Northwest Arkansas Weather.com - NOAA-Style Climate Reports
NOAA style reports

NOAA-Style Climate Reports for Bentonville Arkansas (nwarwx.com)


Report for 2020 Aug
                  MONTHLY CLIMATOLOGICAL SUMMARY FOR 8/2020
                                        HEAT  COOL        
     MEAN                               DEG   DEG       WIND SPEED       DOM MEAN  MEAN
DAY  TEMP  HIGH   TIME     LOW   TIME   DAYS  DAYS RAIN AVG  HI  TIME    DIR BAROM HUM
---------------------------------------------------------------------------------------
1    71.3  83.7   3:00pm  62.0   6:26am    1    7  0.01   2  12   4:15pm WNW 30.02   78
2    75.6  86.6   2:43pm  66.4   2:47am    0   11  0.00   3  20   1:31pm WNW 30.00   73
3    70.8  83.2   4:20pm  60.2   5:58am    1    7  0.00   2  13  11:30am WNW 30.06   73
4    67.8  79.9   3:33pm  55.7   6:13am    2    5  0.00   2  14   2:21pm  NE 30.12   72
5    71.4  84.5   5:27pm  59.2   3:18am    1    8  0.00   2  15  10:36am ENE 30.10   72
6    74.5  87.6   4:09pm  63.9   6:25am    0   10  0.02   2  15   5:58pm  SE 30.06   81
7    74.5  83.7   2:39pm  69.4   6:37am    0   10  0.14   2  17   3:11pm   S 30.09   85
8    77.8  89.3   4:29pm  71.3   3:00am    0   13  0.12   3  23   3:19pm   S 30.09   82
9    82.0  92.2   3:07pm  73.6   6:09am    0   17  0.00   4  20  11:39am   S 30.06   75
10   82.4  93.2   3:40pm  75.1   5:25am    0   17  0.00   5  22   3:15pm SSW 30.00   68
11   74.7  84.0   1:09pm  68.6  11:22pm    0   10  0.10   2  18   2:03pm  SW 30.00   85
12   77.6  89.0   3:23pm  67.3   6:32am    0   13  0.00   2  12   3:01pm   E 30.01   77
13   79.4  90.9   3:45pm  70.5   4:04am    0   14  0.00   2  12  12:01pm ENE 29.98   74
14   80.7  92.1   3:22pm  70.0   8:09am    0   16  0.00   2  12  11:18am ENE 29.94   70
15   81.3  93.9   3:56pm  69.7   6:16am    0   16  0.00   2  12   3:16pm   S 30.00   73
16   77.3  90.1   3:20pm  65.4   6:33am    0   12  0.00   2  15  12:35pm  NE 30.10   59
17   76.3  90.9   4:21pm  61.5   6:47am    0   12  0.00   2  16   3:35pm   E 30.13   63
18   72.7  85.5   3:17pm  61.3   6:31am    1    8  0.00   3  18  11:35am  NE 30.09   60
19   70.9  84.7   4:48pm  55.9   5:55am    2    8  0.00   2  15   4:14pm  NE 30.05   64
20   73.9  86.5   3:56pm  61.1   6:56am    0    9  0.00   2  12  12:04pm   E 29.99   58
21   74.0  88.9   3:22pm  58.8   5:55am    1   10  0.00   1  12   1:30pm   S 29.96   62
22   75.7  90.8   3:36pm  60.3   6:50am    1   11  0.00   1  11  12:09pm WSW 29.98   61
23   77.4  91.8   3:20pm  63.5   6:49am    0   13  0.00   2  15  11:51am   W 30.05   64
24   79.5  94.4   3:21pm  65.0   6:08am    0   15  0.00   1  14   1:17pm  SW 30.09   62
25   80.7  94.9   4:12pm  67.9   5:32am    0   16  0.00   1  15   3:08pm WSW 30.05   58
26   75.9  80.4   9:15am  70.0   6:06am    0   11  0.00   1  11   8:46am   E 30.00   75
27   77.0  85.7   3:54pm  71.4   2:36am    0   12  0.00   3  16   4:11pm   E 29.89   75
28   80.7  95.1   3:39pm  70.0   6:40am    0   16  0.00   4  19  11:35am   W 29.80   69
29   76.5  88.0  10:06am  69.7   4:18am    0   11  0.02   3  20  10:09am   S 29.88   75
30   75.4  83.0   4:16pm  70.6   1:34am    0   10  0.00   2  14  11:54am SSW 29.82   78
31   77.1  86.8   1:40pm  70.6   4:39am    0   12  0.05   3  21   9:48am   S 29.82   75
---------------------------------------------------------------------------------------
TOT  76.2  95.1  8/28/20  55.7   8/4/20   10  358  0.46   2  23   8/8/20   S 30.01   71

HEAT BASE: 65.0
COOL BASE: 65.0