Climate Report   Welcome to Northwest Arkansas Weather.com - NOAA-Style Climate Reports
NOAA style reports

NOAA-Style Climate Reports for Bentonville Arkansas (nwarwx.com)


Report for 2020 Oct
                  MONTHLY CLIMATOLOGICAL SUMMARY FOR 10/2020
                                        HEAT  COOL        
     MEAN                               DEG   DEG       WIND SPEED       DOM MEAN  MEAN
DAY  TEMP  HIGH   TIME     LOW   TIME   DAYS  DAYS RAIN AVG  HI  TIME    DIR BAROM HUM
---------------------------------------------------------------------------------------
1    57.6  72.5   1:40pm  44.3   7:20am    9    1  0.00   2  23   2:42pm NNE 30.26   52
2    53.9  70.0   4:01pm  38.0   6:57am   12    1  0.00   1  11   1:05pm NNE 30.29   59
3    60.3  73.0   1:23pm  50.9   7:08am    6    1  0.00   4  26   1:33pm WNW 30.14   58
4    54.5  67.3   2:59pm  44.6   4:52am   11    0  0.00   3  16   1:26pm NNE 30.30   64
5    57.3  74.9   3:28pm  42.2   4:42am   10    2  0.00   2  16   3:13pm   E 30.24   60
6    62.7  80.9   2:22pm  46.1   6:07am    7    4  0.00   2  13   1:35pm WSW 30.14   67
7    67.8  86.5   2:23pm  51.4   7:20am    4    7  0.00   2  14  12:25pm  SW 30.10   72
8    68.5  84.1   3:14pm  58.1   6:29am    2    5  0.00   1  11   1:14pm  SW 30.11   73
9    69.3  83.2   1:56pm  57.8   2:02am    2    6  0.00   2  18   1:23pm   E 30.00   75
10   69.0  86.6   2:53pm  56.8   7:43am    2    6  0.00   1  15   1:54pm ENE 29.90   76
11   71.6  89.2   2:48pm  56.3   6:51am    2    9  0.00   2  19   5:32pm  SE 29.85   71
12   66.1  76.0   2:55pm  46.7  11:41pm    3    4  0.00   4  23   5:58am WNW 29.96   53
13   59.8  80.6   2:56pm  42.5   7:05am    9    4  0.00   2  17  11:08am WNW 30.20   52
14   65.3  82.3   2:19pm  46.1   6:04am    5    6  0.00   4  28   1:19pm SSW 29.95   59
15   59.5  67.6  11:42am  48.5  11:55pm    6    0  0.00   4  27   3:39am  NE 30.12   50
16   50.3  68.8   2:53pm  32.9   6:59am   15    0  0.00   2  18   2:10pm  NE 30.38   48
17   58.2  72.5   3:20pm  41.8   1:00am    8    1  0.00   4  29  12:55pm   S 30.14   44
18   59.6  75.7  12:04pm  47.2  11:55pm    7    2  0.11   4  17  10:15am  NE 30.07   76
19   48.9  55.0   3:10pm  44.3   3:24am   16    0  0.23   3  15   1:56am ENE 30.14   90
20   60.2  72.8   5:08pm  49.1  12:15am    6    2  0.41   2  15   3:20pm ENE 30.10   91
21   70.7  84.1   3:02pm  60.4   5:08am    1    7  0.00   3  22   3:42pm   S 30.09   78
22   73.1  83.7   3:34pm  66.3   7:06am    0    8  0.00   5  25  12:37pm   S 29.99   72
23   51.8  70.2  12:00am  42.0  12:33pm   14    1  0.55   5  28   6:35am  NE 30.15   83
24   43.5  47.0   2:24pm  40.6   6:52am   21    0  0.00   4  17  12:10am ENE 30.22   78
25   46.4  51.5   2:16pm  43.4  12:00am   19    0  0.01   2  10   4:33pm ENE 30.15   82
26   38.4  45.2  12:00am  33.7   8:54pm   27    0  1.59   4  19   7:36am  NE 30.28   88
27   36.6  41.8   3:08pm  33.4   5:00am   28    0  0.59   3  15   1:19pm  NE 30.31   93
28   44.4  50.5  10:51pm  38.7  12:00am   21    0  1.80   4  18   2:36pm ENE 30.02   96
29   43.7  50.6   1:19am  35.1  11:58pm   21    0  0.83   2  21   7:49am WNW 30.01   94
30   45.6  64.9   3:16pm  31.2   6:14am   19    0  0.00   1   9   9:38am  NW 30.36   79
31   50.3  65.2   1:53pm  38.4   8:06am   15    0  0.00   3  22  12:52pm   S 30.25   74
---------------------------------------------------------------------------------------
TOT  56.9  89.2 10/11/20  31.2 10/30/20  326   76  6.12   3  29 10/17/20  NE 30.13   71

HEAT BASE: 65.0
COOL BASE: 65.0