Climate Report   Welcome to Northwest Arkansas Weather.com - NOAA-Style Climate Reports
NOAA style reports

NOAA-Style Climate Reports for Bentonville Arkansas (nwarwx.com)


Report for 2020 Dec
                  MONTHLY CLIMATOLOGICAL SUMMARY FOR 12/2020
                                        HEAT  COOL        
     MEAN                               DEG   DEG       WIND SPEED       DOM MEAN  MEAN
DAY  TEMP  HIGH   TIME     LOW   TIME   DAYS  DAYS RAIN AVG  HI  TIME    DIR BAROM HUM
---------------------------------------------------------------------------------------
1    37.7  55.5   2:01pm  20.2   2:32am   27    0  0.00   3  18  10:43am SSW 30.23   54
2    38.1  41.4  12:32pm  32.1   2:07am   27    0  0.66   4  24   9:21pm ENE 30.31   80
3    38.9  42.6  12:59pm  37.0   3:45am   26    0  0.05   3  16  12:00am WNW 30.28   92
4    39.2  50.8   2:31pm  32.5   7:11am   26    0  0.00   6  18  12:13pm WSW 30.26   79
5    41.9  61.2   1:46pm  28.8   6:56am   23    0  0.00   2  14   3:13pm  SW 30.26   74
6    38.6  52.7   2:19pm  27.5   7:43am   26    0  0.00   1  11   1:47pm NNW 30.16   78
7    39.2  54.1   2:24pm  28.2   6:42am   26    0  0.00   3  14   1:34pm WNW 30.23   77
8    41.8  62.5   1:58pm  27.2   6:29am   23    0  0.00   1  14  12:28pm  SW 30.22   71
9    48.5  71.9   1:51pm  34.4  12:25am   17    1  0.00   3  15   2:51pm  SW 30.13   61
10   52.3  76.0   1:54pm  31.7   6:30am   15    2  0.00   3  20   1:14pm   S 30.01   57
11   52.3  58.3   5:53am  37.1  11:19pm   13    0  0.05   5  21   2:09pm SSW 29.88   82
12   37.5  40.5  10:40am  35.6  11:11pm   28    0  0.00   7  26   5:38am WNW 30.08   82
13   33.7  35.8   2:45am  29.5  11:59pm   31    0  0.05   2  12   4:34am  NE 30.26   89
14   28.5  36.1   2:15pm  22.3  11:53pm   36    0  0.49   1  12   2:17pm ENE 30.40   86
15   28.3  34.4  11:59am  22.2   1:14am   37    0  0.01   4  17  10:38am ENE 30.21   87
16   29.8  33.3  12:13pm  28.0   3:46am   35    0  0.02   4  17  12:38pm WNW 30.20   85
17   33.1  45.4   3:17pm  22.4   4:54am   32    0  0.18   3  13   2:53pm WSW 30.30   82
18   41.4  52.0   1:32pm  28.4   4:46am   23    0  0.00   4  28   1:32pm   S 30.26   72
19   45.3  54.2   2:17pm  29.9  11:58pm   20    0  0.00   3  14  12:27am WNW 30.17   74
20   37.5  53.0   1:49pm  26.6   5:45am   28    0  0.00   3  20   2:51pm WNW 30.12   79
21   44.9  63.9   2:31pm  31.9   3:40am   20    0  0.00   2  12  10:01am   W 30.19   67
22   48.6  64.6   1:24pm  31.1   3:51am   16    0  0.00   5  28   9:30pm   W 30.17   66
23   48.6  59.7  11:14am  25.4  11:58pm   16    0  0.00  11  36   6:34pm WNW 29.90   68
24   27.1  35.2   2:02pm  21.7   7:04am   38    0  0.00   8  28  11:34am WNW 30.22   61
25   26.8  40.3   3:20pm  14.2   6:37am   38    0  0.00   3  16  12:07am  SW 30.31   62
26   45.8  64.3   2:32pm  24.0   2:52am   19    0  0.00   5  18   3:59pm  SW 30.11   53
27   52.0  61.9   2:32pm  40.1  11:57pm   13    0  0.00   9  34  11:09am SSW 29.94   59
28   37.4  47.0   1:48pm  27.8   6:24am   28    0  0.00   3  14   1:30pm   N 30.41   74
29   44.8  55.0  10:48pm  36.2   4:01am   20    0  0.14   7  27  11:30pm   S 30.23   82
30   38.8  53.4  12:00am  31.3  11:58pm   26    0  0.76   4  25  12:00am NNE 30.17   92
31   31.8  35.6   1:44pm  27.3   7:06am   33    0  0.74   8  27  10:29pm  NE 30.16   85
---------------------------------------------------------------------------------------
TOT  39.7  76.0 12/10/20  14.2 12/25/20  788    3  3.15   4  36 12/23/20  SW 30.19   75

HEAT BASE: 65.0
COOL BASE: 65.0