Climate Report   Welcome to Northwest Arkansas Weather.com - NOAA-Style Climate Reports
NOAA style reports

NOAA-Style Climate Reports for Bentonville Arkansas (nwarwx.com)


Report for 2021 Jan
                  MONTHLY CLIMATOLOGICAL SUMMARY FOR 1/2021
                                        HEAT  COOL        
     MEAN                               DEG   DEG       WIND SPEED       DOM MEAN  MEAN
DAY  TEMP  HIGH   TIME     LOW   TIME   DAYS  DAYS RAIN AVG  HI  TIME    DIR BAROM HUM
---------------------------------------------------------------------------------------
1    33.9  37.9  11:30am  31.2  11:20pm   31    0  0.56   5  37   1:57am ENE 29.96   93
2    32.2  34.5   1:41pm  30.6  11:59pm   33    0  0.04   2  16   3:33pm WNW 30.18   92
3    38.7  57.2   2:40pm  26.3   5:07am   26    0  0.01   2  13   4:37pm SSW 30.10   79
4    40.0  56.9   1:04pm  27.2   4:47am   25    0  0.00   3  25   1:04pm   W 30.15   79
5    41.2  59.4   2:56pm  24.6   7:29am   24    0  0.00   2  14  11:21pm NNW 30.23   66
6    40.0  42.9   6:17am  35.9  11:49pm   25    0  0.69   4  20   6:44pm   E 30.13   83
7    34.9  38.7   3:37pm  32.6   4:15am   30    0  0.28   4  16   8:31pm  NE 30.23   93
8    33.8  38.1   1:33pm  30.3  11:58pm   31    0  0.01   4  15  10:54am NNE 30.41   75
9    30.1  41.2  12:59pm  20.8   7:26am   35    0  0.00   2  14  11:53am  NW 30.41   78
10   27.8  36.4   2:07pm  21.5   4:18am   37    0  0.00   2  14   4:31pm  NE 30.36   82
11   29.0  38.8   2:43pm  23.1   5:54am   36    0  0.00   2  11   9:54am SSW 30.36   82
12   33.7  50.4   2:39pm  21.1   3:44am   31    0  0.00   4  19  12:31pm SSW 30.26   76
13   38.3  53.4   3:04pm  23.5   5:30am   27    0  0.00   5  23   3:39pm  SW 29.96   71
14   42.9  51.5   2:49pm  32.5  10:39pm   22    0  0.00   7  29   3:00pm WNW 29.74   63
15   34.1  38.5  11:09am  31.1   5:44pm   31    0  0.00  12  38   1:41pm WNW 29.77   68
16   33.8  43.8   3:04pm  29.3   9:40pm   31    0  0.00   5  19   3:20pm   W 29.93   77
17   35.3  48.6   1:44pm  24.5   7:34am   30    0  0.00   4  28   2:23pm   W 29.94   68
18   41.2  55.2   2:01pm  25.3   2:47am   24    0  0.00   4  22  11:45am SSW 29.97   62
19   39.0  50.7   1:11pm  28.3  10:53pm   26    0  0.00   2  16   3:21pm WNW 30.30   69
20   36.0  48.1  12:52pm  25.0   6:48am   29    0  0.05   5  27   3:00pm  SW 30.21   81
21   43.9  53.6   4:02pm  38.1  11:35pm   21    0  0.00   2  18  12:00am   N 29.94   84
22   41.4  51.7   2:22pm  34.1   7:39am   24    0  0.00   5  21   5:15am  NE 30.06   60
23   37.6  44.7   4:33pm  28.9   5:36am   27    0  0.04   4  16   8:17pm ENE 30.07   62
24   46.0  50.9   4:00pm  39.8  12:00am   19    0  0.17   3  16   8:45pm SSW 29.90   93
25   47.4  57.9   1:01pm  41.4  11:59pm   18    0  1.50   8  31  12:46pm WSW 29.58   92
26   35.1  41.4  12:00am  31.9   8:49am   30    0  0.00   5  19   1:16am WNW 29.91   86
27   30.6  33.4   4:00am  28.0  11:59pm   34    0  0.00   4  15  10:30pm  NW 30.29   86
28   34.2  46.4   3:03pm  26.4   6:15am   31    0  0.02   3  12  12:00am   S 30.52   73
29   41.8  54.5   1:32pm  29.4   6:49am   23    0  0.00   4  20   2:24pm   S 30.15   69
30   48.4  50.2   4:35am  46.5  12:00am    8    0  0.22   4  20   4:31am  SW 29.77   80
31   36.0  41.8  12:00am  33.8  11:52pm   29    0  0.00   6  26  12:41am  NW 30.08   86
---------------------------------------------------------------------------------------
TOT  37.2  59.4   1/5/21  20.8   1/9/21  818    0  3.78   4  38  1/15/21 SSW 30.10   77

HEAT BASE: 65.0
COOL BASE: 65.0