Climate Report   Welcome to Northwest Arkansas Weather.com - NOAA-Style Climate Reports
NOAA style reports

NOAA-Style Climate Reports for Bentonville Arkansas (nwarwx.com)


Report for 2021 Mar
                  MONTHLY CLIMATOLOGICAL SUMMARY FOR 3/2021
                                        HEAT  COOL        
     MEAN                               DEG   DEG       WIND SPEED       DOM MEAN  MEAN
DAY  TEMP  HIGH   TIME     LOW   TIME   DAYS  DAYS RAIN AVG  HI  TIME    DIR BAROM HUM
---------------------------------------------------------------------------------------
1    41.7  57.4   2:46pm  30.3   7:20am   23    0  0.00   3  16   3:11pm NNE 30.23   64
2    42.0  59.7   2:41pm  27.4   7:05am   23    0  0.00   3  18  11:53am   N 30.18   63
3    47.9  68.6   2:58pm  30.0   6:42am   17    0  0.00   3  20   9:47am WSW 30.06   58
4    52.7  72.5   3:00pm  31.8   7:01am   14    1  0.00   2  15   2:49pm  SW 30.04   55
5    46.2  54.9  12:00am  33.4  11:59pm   19    0  0.13   5  20  10:44am ENE 30.11   74
6    43.2  61.7   1:51pm  27.1   6:30am   21    0  0.00   1   9  11:39am ENE 30.28   64
7    48.5  66.3   1:59pm  30.9   6:54am   16    0  0.00   3  26  12:40pm SSW 30.31   58
8    52.5  68.3   2:37pm  36.0   6:57am   13    0  0.00   4  23  10:22am   S 30.30   54
9    60.2  70.7   1:13pm  53.2   2:11am    5    0  0.00   8  31   3:27pm   S 30.09   63
10   63.5  68.1   3:42pm  59.5   6:56am    2    0  0.00  11  42  10:01am SSW 29.89   72
11   60.6  68.6   1:11pm  52.0  11:24pm    5    0  0.08   5  24   1:03am SSW 29.98   87
12   54.6  63.0   3:09pm  48.7  11:53pm   10    0  0.75   5  20   9:38pm ENE 30.14   93
13   56.5  68.5   3:58pm  47.7   1:32am    9    0  0.79   6  20  12:13am   E 30.11   90
14   55.8  65.1  12:02pm  46.7  11:56pm    9    0  0.92   5  24  11:49am ESE 29.83   91
15   54.2  68.5   4:07pm  42.9   4:22am   11    0  0.01   6  33   4:34pm ESE 29.75   70
16   57.7  75.8   3:23pm  39.6   5:09am   10    2  0.00   3  17   3:57pm WNW 29.77   63
17   59.3  74.5   3:51pm  41.7  11:32pm    7    1  0.32   6  29   6:34pm ENE 29.53   79
18   38.8  42.2   4:54pm  33.1   4:39am   26    0  0.10   6  23   1:41am  NW 29.96   89
19   47.6  62.2   3:14pm  36.4   7:40am   17    0  0.00   5  20  12:48pm  NE 30.28   62
20   49.0  63.7   4:43pm  32.5   7:51am   16    0  0.00   3  16   9:24pm   E 30.29   57
21   55.3  68.6   3:40pm  43.2   7:19am   10    0  0.00   4  23  10:25am SSE 30.09   63
22   55.2  62.5  12:48pm  46.0   2:56am   10    0  0.13   5  26   1:44pm ESE 29.85   67
23   53.6  57.2   9:48am  49.0  11:56pm   11    0  0.25   8  30   1:11pm WSW 29.55   80
24   51.6  63.8   3:15pm  39.9   7:35am   13    0  0.00   5  18   1:57pm WSW 29.78   74
25   48.9  54.5   1:09pm  42.3  11:59pm   16    0  0.89   5  26   2:33am WNW 29.71   92
26   54.9  72.1   4:46pm  39.1   5:53am   11    1  0.01   3  17   6:50pm WSW 29.90   73
27   63.6  79.9   2:18pm  50.7   7:37am    5    4  0.08   5  24   4:32pm SSE 29.82   71
28   51.6  62.7   2:34pm  41.5  11:59pm   13    0  0.00   4  23   3:47pm NNW 30.15   55
29   56.3  71.3   3:27pm  38.8   6:11am   10    1  0.00   6  30   4:09pm   S 29.99   50
30   60.3  71.6   2:10pm  51.5  11:52pm    6    1  0.00   7  25   2:23am SSW 29.80   55
31   49.8  59.9   3:32pm  36.5  11:58pm   15    0  0.00   6  21  12:25am  NE 30.27   34
---------------------------------------------------------------------------------------
TOT  52.7  79.9  3/27/21  27.1   3/6/21  394   15  4.46   5  42  3/10/21   S 30.00   68

HEAT BASE: 65.0
COOL BASE: 65.0