Climate Report   Welcome to Northwest Arkansas Weather.com - NOAA-Style Climate Reports
NOAA style reports

NOAA-Style Climate Reports for Bentonville Arkansas (nwarwx.com)


Report for 2021 Apr
                  MONTHLY CLIMATOLOGICAL SUMMARY FOR 4/2021
                                        HEAT  COOL        
     MEAN                               DEG   DEG       WIND SPEED       DOM MEAN  MEAN
DAY  TEMP  HIGH   TIME     LOW   TIME   DAYS  DAYS RAIN AVG  HI  TIME    DIR BAROM HUM
---------------------------------------------------------------------------------------
1    43.2  57.0   3:09pm  29.3   7:27am   22    0  0.00   3  19  12:58pm  NE 30.46   49
2    50.0  66.7   4:10pm  34.2   3:06am   15    0  0.00   4  18  11:32am  NE 30.33   46
3    55.8  69.1   3:55pm  41.2   7:10am    9    1  0.00   4  21  11:20am SSW 30.22   49
4    60.5  76.3   3:16pm  45.2   6:26am    7    2  0.00   4  18   2:40pm SSW 30.12   65
5    63.2  75.8   4:04pm  51.4   4:05am    4    3  0.00   4  23   7:00pm   S 29.92   74
6    66.6  75.4   1:59pm  58.6   6:06am    2    3  0.00   6  30  11:10am   S 29.76   73
7    61.3  68.2  10:20am  48.5  11:42pm    4    1  0.21   9  31   5:00pm WSW 29.61   77
8    57.2  71.9   4:38pm  46.3   7:17am    9    1  0.00  10  34   3:01pm WSW 29.61   59
9    65.7  81.1   1:23pm  49.9   6:56am    4    5  0.38   4  33   9:38pm SSW 29.57   62
10   50.7  59.9   6:05pm  43.4   9:55am   14    0  0.00   8  29   9:35am WNW 29.65   85
11   58.2  77.5   4:05pm  37.6   7:12am   10    3  0.00   4  23   1:02pm WSW 29.64   64
12   59.9  72.3   3:11pm  48.7   6:22am    6    1  0.03   5  21   8:34am  NE 29.81   60
13   57.4  66.5   3:07pm  48.8  11:58pm    8    0  0.15   6  22  10:14am  NE 30.04   56
14   54.0  65.9   4:17pm  46.5   3:26am   11    0  0.64   4  16  12:44am  NE 30.07   69
15   53.9  62.7   3:16pm  44.0   6:57am   11    0  0.00   3  15  10:43am  NE 30.02   57
16   49.7  53.4  12:51pm  47.2   5:57am   15    0  0.19   2  16   9:30am SSW 29.89   86
17   48.0  53.5   1:53pm  43.7  11:59pm   17    0  0.09   2  14   2:21pm   N 29.99   85
18   49.4  63.2   3:08pm  40.9   3:20am   16    0  0.00   3  25   1:58pm WNW 30.01   73
19   54.0  71.4   3:40pm  35.4   6:45am   12    1  0.00   3  20  11:54am WNW 29.94   63
20   38.7  51.8  12:00am  29.5  11:57pm   26    0  0.18   3  20   9:21am NNE 30.05   83
21   42.2  57.7   3:33pm  26.6   3:47am   23    0  0.01   4  25   2:05pm WNW 30.23   67
22   48.5  63.4   3:11pm  31.4   7:00am   17    0  0.00   2  15   8:31pm NNE 30.11   58
23   55.8  69.5   2:06pm  46.0   3:51am   10    0  0.38   3  16  11:23am   E 29.84   80
24   56.0  66.3   4:54pm  47.4  11:58pm    9    0  0.66   3  17  11:27am NNE 29.78   84
25   60.2  76.3   3:29pm  41.9   5:31am    8    3  0.00   4  22   4:32pm NNE 29.91   67
26   70.6  84.3   4:20pm  60.0   6:49am    1    7  0.00   6  29   4:25pm   S 29.73   57
27   69.3  74.2  12:24pm  64.8   6:40am    0    4  0.01   5  27   9:08am SSW 29.72   74
28   66.7  70.8   6:42pm  63.4  10:23am    0    2  5.28   3  24   7:37am SSW 29.75   93
29   66.0  74.4   3:05pm  53.7  11:57pm    2    3  0.06   2  17   1:01pm NNE 29.88   80
30   63.9  81.4   3:43pm  46.2   6:35am    6    5  0.00   1  10  12:12pm NNE 30.10   65
---------------------------------------------------------------------------------------
TOT  56.6  84.3  4/26/21  26.6  4/21/21  299   46  8.27   4  34   4/8/21 NNE 29.93   69

HEAT BASE: 65.0
COOL BASE: 65.0