Climate Report   Welcome to Northwest Arkansas Weather.com - NOAA-Style Climate Reports
NOAA style reports

NOAA-Style Climate Reports for Bentonville Arkansas (nwarwx.com)


Report for 2021 Jun
                  MONTHLY CLIMATOLOGICAL SUMMARY FOR 6/2021
                                        HEAT  COOL        
     MEAN                               DEG   DEG       WIND SPEED       DOM MEAN  MEAN
DAY  TEMP  HIGH   TIME     LOW   TIME   DAYS  DAYS RAIN AVG  HI  TIME    DIR BAROM HUM
---------------------------------------------------------------------------------------
1    59.7  62.4   3:41pm  56.0   7:02am    5    0  0.73   4  15   9:53am  NE 30.09   94
2    63.2  69.5   4:38pm  59.2  11:58pm    3    1  0.00   1  10   1:41pm NNE 29.99   89
3    67.8  81.8   4:08pm  53.9   6:38am    3    6  0.00   1  13  12:56pm  NE 30.01   75
4    70.4  85.2   4:08pm  56.2   6:07am    2    8  0.00   1  13  11:30am SSW 30.03   74
5    70.2  81.5  12:26pm  58.9   5:48am    1    6  0.00   2  15   2:54pm   S 29.95   81
6    71.6  83.8   2:52pm  67.1   5:45am    0    7  0.54   2  15   1:48pm   S 29.86   86
7    70.5  76.8   5:34pm  63.8   5:31am    0    6  0.37   1  14  12:11pm   S 29.87   90
8    75.2  85.9   5:05pm  67.5   3:32am    0   10  0.00   1  13   6:48pm   S 29.92   84
9    79.2  90.8   2:58pm  67.8   4:51am    0   14  0.11   2  13   3:41pm WSW 29.96   84
10   82.1  91.9   3:48pm  72.1   6:20am    0   17  0.01   2  12   2:40pm   W 29.89   81
11   82.0  91.5   3:29pm  71.8   6:20am    0   17  0.00   3  21   2:51pm  SW 29.83   80
12   83.2  92.7   3:52pm  74.3   6:35am    0   18  0.00   2  17  12:32am ENE 29.89   76
13   80.4  90.3   4:14pm  70.2  11:59pm    0   15  0.00   2  15  11:53am  NE 29.97   70
14   77.3  90.7   3:46pm  61.1   6:42am    0   13  0.00   1  11  10:35am  NE 30.02   67
15   80.3  93.4   3:17pm  64.2   6:28am    0   15  0.00   1  10  12:37pm  NE 30.03   68
16   82.4  93.5   4:27pm  69.8   6:16am    0   17  0.00   1  12   4:13pm   W 30.00   72
17   84.2  95.5   2:57pm  72.2   6:09am    0   19  0.00   3  14   2:30pm   W 29.95   72
18   83.4  94.1   3:56pm  73.1   6:15am    0   18  0.00   4  17   6:13pm SSW 29.91   75
19   80.3  89.2   3:12pm  69.7   6:31am    0   15  0.00   4  21   4:43pm  SW 29.84   74
20   80.9  91.2   2:52pm  70.0   6:13am    0   16  0.00   6  25  11:39am SSW 29.75   70
21   70.1  78.4  12:00am  57.6  11:59pm    1    6  0.53   3  24  10:25am  NE 29.89   80
22   68.3  82.0   3:45pm  52.5   6:25am    4    7  0.00   2  16   3:29pm   S 30.04   71
23   73.7  86.3   4:16pm  59.6   5:26am    1   10  0.00   3  19   1:38pm   S 29.99   72
24   81.5  91.1   3:57pm  72.4   1:54am    0   17  0.00   6  26   6:27pm SSW 29.92   79
25   82.9  91.0   1:56pm  76.8   5:07am    0   18  0.00   6  28   7:09pm SSW 29.86   76
26   78.6  83.6   5:14pm  73.4   9:05am    0   14  0.11   5  40   8:29am WSW 29.86   81
27   75.7  85.4   4:37pm  68.5   6:33am    0   11  0.31   2  16   4:59am   S 29.95   86
28   76.9  86.8   3:21pm  70.2   6:06am    0   12  0.09   1  15   2:40pm   S 30.04   84
29   79.2  89.5   3:57pm  69.7   6:15am    0   14  0.01   2  15  11:42am  SW 30.11   80
30   76.8  88.4  12:54pm  71.9   6:20am    0   12  0.16   1  20   2:19pm  SW 30.08   86
---------------------------------------------------------------------------------------
TOT  76.3  95.5  6/17/21  52.5  6/22/21   20  358  2.97   2  40  6/26/21 SSW 29.95   79

HEAT BASE: 65.0
COOL BASE: 65.0