Climate Report   Welcome to Northwest Arkansas Weather.com - NOAA-Style Climate Reports
NOAA style reports

NOAA-Style Climate Reports for Bentonville Arkansas (nwarwx.com)


Report for 2021 Jul
                  MONTHLY CLIMATOLOGICAL SUMMARY FOR 7/2021
                                        HEAT  COOL        
     MEAN                               DEG   DEG       WIND SPEED       DOM MEAN  MEAN
DAY  TEMP  HIGH   TIME     LOW   TIME   DAYS  DAYS RAIN AVG  HI  TIME    DIR BAROM HUM
---------------------------------------------------------------------------------------
1    75.2  82.7   4:31pm  72.1   5:52am    0   10  0.36   3  19  12:22pm WSW 29.97   91
2    75.5  84.5   4:52pm  65.0  11:55pm    0   10  0.00   3  16   4:59pm ENE 30.01   77
3    73.5  85.4   4:57pm  60.6   4:49am    1    9  0.00   1  11   1:34pm ENE 30.04   78
4    76.0  86.6  12:06pm  64.7   6:25am    0   11  0.00   1  11   8:04pm   E 30.00   72
5    75.3  85.9   4:38pm  62.3   5:52am    0   11  0.00   1  12   4:06pm   E 30.02   71
6    77.8  88.6   3:10pm  65.1   6:06am    0   13  0.00   1  10   4:28pm ENE 30.02   70
7    79.0  91.0   4:03pm  67.5   5:55am    0   14  0.00   2  13  11:34am WNW 29.93   69
8    80.3  90.8   4:09pm  70.8   6:27am    0   15  0.00   1  17   2:08pm WNW 29.92   72
9    81.2  90.6   4:10pm  72.8   2:14am    0   16  0.00   4  19   3:18pm SSW 29.99   73
10   77.1  85.8   5:45pm  70.1  11:50pm    0   12  0.08   6  24   9:22pm  SW 29.92   80
11   72.4  80.4   2:33pm  67.7   5:51am    0    7  0.00   4  19   2:40pm WNW 29.90   78
12   70.1  79.0   7:01pm  64.1   3:53am    0    5  0.00   2  14   1:56pm WNW 30.02   80
13   75.3  88.9   1:54pm  60.6   6:27am    1   11  0.00   2  13   5:18pm SSW 30.13   68
14   80.4  90.6   3:34pm  70.2   5:18am    0   15  0.00   5  24   2:04pm SSW 30.11   65
15   80.3  89.2   4:37pm  73.4   6:22am    0   15  0.00   5  23   4:46pm SSW 30.07   71
16   76.0  84.5   4:41pm  65.6   9:06am    0   11  1.32   3  17   7:01am WSW 30.02   79
17   77.1  89.0   3:58pm  70.1  10:18pm    0   12  1.39   3  22   3:06am WNW 30.09   81
18   77.1  88.0   3:55pm  69.1   5:09am    0   12  0.02   2  14  12:48am  NE 30.13   79
19   76.7  88.1   3:49pm  69.3   6:36am    0   12  0.01   3  16  10:36am  NE 30.12   76
20   75.3  85.0   2:37pm  65.8   6:35am    0   10  0.00   3  17  10:44am  NE 30.13   72
21   75.5  86.9   3:37pm  63.5   6:19am    0   11  0.00   1  11   5:26pm ENE 30.15   72
22   78.4  88.7   2:36pm  69.5   6:46am    0   13  0.00   1  11   1:59pm NNE 30.18   73
23   81.0  91.1   3:35pm  71.0   4:18am    0   16  0.00   2  14  11:48am  SW 30.14   73
24   83.4  92.8   4:48pm  74.7   6:11am    0   18  0.00   3  16   9:14am  SW 30.06   71
25   81.8  91.9   4:05pm  75.9   9:25am    0   17  0.43   1  17   4:47pm ENE 30.02   79
26   83.1  93.6   3:52pm  73.7   5:42am    0   18  0.00   1  12   4:41pm ENE 30.02   75
27   84.2  95.3   4:31pm  74.3   6:32am    0   19  0.00   1   9   3:26pm ENE 30.05   73
28   84.2  95.8   4:20pm  73.4   6:41am    0   19  0.00   1   9   5:01pm WSW 30.09   73
29   83.5  94.6   3:10pm  72.2   6:31am    0   19  0.00   2  13  12:51pm WSW 30.10   72
30   82.4  94.2   3:38pm  70.3   6:25am    0   17  0.00   2  14  12:57pm WSW 30.10   72
31   84.0  94.7   3:43pm  73.0   5:51am    0   19  0.00   4  17   9:31am WSW 30.05   70
---------------------------------------------------------------------------------------
TOT  78.5  95.8  7/28/21  60.6   7/3/21    2  419  3.61   2  24  7/10/21  SW 30.05   74

HEAT BASE: 65.0
COOL BASE: 65.0