Climate Report   Welcome to Northwest Arkansas Weather.com - NOAA-Style Climate Reports
NOAA style reports

NOAA-Style Climate Reports for Bentonville Arkansas (nwarwx.com)


Report for 2022 Apr
                  MONTHLY CLIMATOLOGICAL SUMMARY FOR 4/2022
                                        HEAT  COOL        
     MEAN                               DEG   DEG       WIND SPEED       DOM MEAN  MEAN
DAY  TEMP  HIGH   TIME     LOW   TIME   DAYS  DAYS RAIN AVG  HI  TIME    DIR BAROM HUM
---------------------------------------------------------------------------------------
1    47.2  69.0   4:07pm  26.1   7:18am   18    0  0.01   2  13   2:59pm SSE 30.04   57
2    55.7  71.1   5:14pm  45.6   6:39am   10    1  0.14   3  20   1:20pm WSW 30.03   62
3    59.1  76.2   1:54pm  43.4   3:29am    8    2  0.00   4  22   3:33pm SSE 29.93   52
4    57.0  61.6  12:00am  53.1   7:42am    8    0  0.21   3  16   2:24am ENE 29.80   81
5    63.3  78.0   4:36pm  49.8   6:21am    5    4  0.11   4  24  11:53pm SSW 29.53   73
6    55.8  65.5   4:04pm  47.2   7:02am    9    0  0.02   8  33   1:50am WNW 29.77   45
7    47.7  55.2   3:41pm  40.0   5:59am   17    0  0.00  10  41  12:14pm WNW 29.96   48
8    41.8  50.1   6:19pm  36.2  11:15pm   23    0  0.00   7  27   1:37pm WNW 30.00   55
9    50.1  71.5   5:03pm  27.7   7:41am   16    1  0.00   3  24   5:22pm  SW 29.95   44
10   67.8  78.8   3:11pm  54.6  12:34am    2    5  0.00   8  37   2:53pm SSW 29.62   48
11   57.8  68.9   1:13am  54.9   7:04am    7    0  1.21   5  31  12:38am ENE 29.73   85
12   67.8  76.4   2:52pm  56.8  12:00am    2    5  0.01   7  37   4:17pm   S 29.66   79
13   56.7  69.3   2:08am  37.1  11:56pm    9    1  2.73   6  31   5:12am NNW 29.65   73
14   49.0  66.6   5:14pm  31.1   6:43am   16    0  0.00   3  23   3:28pm  SW 30.07   52
15   61.9  77.0   3:07pm  47.7   6:09am    6    3  0.00   5  35  12:49pm  SW 29.85   56
16   54.4  61.1  12:00am  44.3  10:24am   11    0  0.36   7  27   5:35am  NE 29.99   67
17   50.4  54.6  12:00am  44.2  11:58pm   15    0  0.02   6  28   7:56am ENE 29.98   69
18   49.4  63.9   4:26pm  39.8   7:20am   16    0  0.00   4  21   1:37am NNE 30.27   58
19   53.1  71.0   4:11pm  35.4   6:11am   13    1  0.00   3  23   2:58pm NNE 30.15   44
20   56.7  63.6   7:17pm  51.6   8:13am    8    0  0.11   5  28   3:40am SSE 29.83   77
21   69.6  78.9   5:03pm  62.5  12:00am    0    5  0.11   3  24   6:54pm  SE 30.04   79
22   73.9  83.5   3:36pm  67.0   7:06am    0    9  0.00   7  42   1:17pm   S 30.02   63
23   72.5  79.1   2:17pm  65.9   7:24am    0    8  0.00  10  37  12:03pm   S 29.79   58
24   62.2  71.8  12:02am  52.9  11:57pm    4    1  1.53   6  26  12:30am SSW 29.85   81
25   54.8  65.2   5:03pm  46.7   7:27am   10    0  0.14   3  17  12:06am   N 30.16   65
26   56.0  71.6   5:06pm  41.6   6:53am   10    1  0.00   2  16   2:23pm  NE 30.32   48
27   61.0  77.1   3:41pm  44.2   7:08am    7    3  0.00   3  21   9:20am ESE 30.14   43
28   61.4  70.8   5:23pm  55.3   8:55am    4    1  0.31   3  21  10:01am SSE 29.93   62
29   70.5  81.1   3:41pm  60.5   5:17am    1    6  0.00   7  34  11:40pm   S 29.70   60
30   68.7  74.3   1:19pm  54.6  11:58pm    1    4  0.00   9  33  12:50am WNW 29.70   59
---------------------------------------------------------------------------------------
TOT  58.4  83.5  4/22/22  26.1   4/1/22  257   60  7.02   5  42  4/22/22   S 29.91   62

HEAT BASE: 65.0
COOL BASE: 65.0