NOAA-Style Climate Reports for Bentonville Arkansas (nwarwx.com)
Select data to display
Select a Year or Month report
Select a Year or Month report
Report for 2023 May
MONTHLY CLIMATOLOGICAL SUMMARY FOR 5/2023 HEAT COOL MEAN DEG DEG WIND SPEED DOM MEAN MEAN DAY TEMP HIGH TIME LOW TIME DAYS DAYS RAIN AVG HI TIME DIR BAROM HUM --------------------------------------------------------------------------------------- 1 53.4 67.3 4:17pm 38.6 5:31am 12 0 0.00 4 31 3:19pm WNW 29.94 43 2 55.8 70.0 3:39pm 40.2 5:30am 10 1 0.00 3 23 3:00pm WNW 29.98 42 3 58.5 76.1 5:14pm 38.6 6:35am 9 3 0.00 2 15 1:44pm NW 30.01 46 4 56.5 65.6 11:02am 48.8 2:16am 9 0 0.49 1 15 11:10am NNE 29.97 74 5 64.8 74.6 11:59am 55.4 4:03am 3 3 0.00 3 17 11:44am ENE 29.90 76 6 77.3 89.2 3:09pm 65.8 12:02am 0 12 0.00 5 27 11:51am SSW 29.88 68 7 76.8 85.3 2:40pm 63.5 7:33am 0 12 0.00 6 26 4:22pm SSW 29.89 62 8 77.2 86.8 3:58pm 65.0 5:53am 0 12 0.00 5 23 11:22am SW 29.86 68 9 75.7 89.8 3:54pm 63.6 5:51am 0 11 0.09 3 29 8:49pm ENE 29.96 69 10 69.6 83.2 2:43pm 61.1 6:14am 1 5 0.32 3 27 6:06pm ENE 29.96 77 11 70.7 79.8 4:27pm 65.4 5:31am 0 6 0.12 3 17 10:31am ENE 29.85 79 12 75.1 83.5 5:40pm 68.9 8:14am 0 10 0.03 3 20 11:01am S 29.90 75 13 74.8 87.0 3:54pm 63.0 6:36am 0 10 0.15 3 30 3:57am S 30.01 73 14 74.1 85.3 12:23pm 67.8 4:06am 0 9 0.32 2 23 1:04pm ENE 30.13 76 15 73.1 83.6 11:38am 68.4 1:55am 0 8 0.03 3 19 3:03pm ENE 30.10 78 16 65.3 69.8 12:00am 62.2 11:18pm 1 1 0.00 3 14 2:01pm WNW 30.00 83 17 65.6 75.4 5:45pm 61.4 11:38pm 2 2 0.00 1 10 10:47am NE 29.95 78 18 71.2 83.4 3:16pm 57.4 6:16am 1 8 0.00 1 12 1:05pm NE 29.96 66 19 65.6 72.9 2:00pm 57.7 11:50pm 1 2 1.44 2 21 7:24pm ENE 30.02 81 20 62.3 74.1 3:23pm 51.8 6:22am 5 2 0.00 3 16 12:04am N 30.20 67 21 64.1 78.1 2:52pm 50.3 6:24am 4 4 0.00 1 12 8:08am E 30.15 66 22 67.6 80.5 4:23pm 54.3 6:05am 3 5 0.00 1 12 2:33pm ENE 30.06 60 23 69.3 79.1 5:44pm 57.3 5:16am 1 6 0.00 1 14 12:54pm ENE 30.03 63 24 72.3 83.2 1:51pm 62.6 11:59pm 0 7 0.00 1 15 12:20pm ENE 30.03 66 25 71.2 84.8 3:39pm 59.1 6:01am 1 7 0.00 2 19 4:13pm E 30.05 62 26 71.7 83.6 3:23pm 59.2 4:31am 1 7 0.00 3 17 3:32pm ENE 30.11 57 27 67.4 81.9 3:21pm 53.1 5:43am 3 6 0.00 2 14 12:19pm ENE 30.12 54 28 68.6 84.2 4:14pm 53.4 5:08am 3 7 0.00 1 12 1:57pm ENE 30.05 57 29 70.6 84.3 2:32pm 57.0 5:54am 2 7 0.00 1 12 11:26am E 29.97 63 30 71.9 87.3 3:49pm 60.5 5:47am 1 8 0.16 2 24 5:02pm E 29.95 70 31 74.5 87.6 4:34pm 61.9 6:12am 0 10 0.00 2 16 3:20pm E 29.94 66 --------------------------------------------------------------------------------------- TOT 68.8 89.8 5/9/23 38.6 5/1/23 73 191 3.15 2 31 5/1/23 ENE 30.00 67 HEAT BASE: 65.0 COOL BASE: 65.0