NOAA-Style Climate Reports for Bentonville Arkansas (nwarwx.com)
Select data to display
Select a Year or Month report
Select a Year or Month report
Report for 2023 Jun
MONTHLY CLIMATOLOGICAL SUMMARY FOR 6/2023 HEAT COOL MEAN DEG DEG WIND SPEED DOM MEAN MEAN DAY TEMP HIGH TIME LOW TIME DAYS DAYS RAIN AVG HI TIME DIR BAROM HUM --------------------------------------------------------------------------------------- 1 76.0 87.8 3:43pm 63.5 4:30am 0 11 0.00 1 18 4:17pm E 29.96 63 2 76.9 88.2 3:35pm 64.6 5:18am 0 12 0.00 1 15 1:02pm ENE 29.95 63 3 72.8 87.4 12:09pm 65.3 11:55pm 0 8 0.00 2 20 1:08pm ENE 29.90 71 4 74.3 89.0 3:00pm 58.9 5:56am 1 10 0.00 2 12 12:51pm NE 29.92 63 5 76.1 90.8 4:55pm 61.4 4:16am 0 11 0.00 1 17 3:55pm NE 29.96 63 6 75.4 89.9 2:46pm 63.3 11:44pm 0 10 0.00 2 17 2:35pm ENE 29.95 61 7 74.8 90.8 3:44pm 59.9 5:49am 1 11 0.00 1 20 4:22pm ENE 29.86 64 8 76.5 91.2 3:39pm 63.4 5:46am 0 11 0.00 2 18 1:53pm WSW 29.81 65 9 73.3 87.0 2:31pm 67.8 11:59pm 0 8 0.01 2 20 2:37pm ENE 29.83 76 10 70.5 78.8 5:28pm 64.7 5:47am 0 6 0.11 2 26 7:17am E 29.78 79 11 72.0 85.1 2:53pm 62.4 6:15am 0 7 0.56 5 28 2:38pm WNW 29.79 73 12 66.9 75.9 3:11pm 58.8 5:34am 2 3 0.00 1 15 10:27am NE 29.95 72 13 71.3 83.4 4:06pm 60.8 6:21am 1 7 0.00 2 16 12:44pm NE 29.88 67 14 72.0 83.7 3:56pm 61.6 6:31am 0 7 0.57 3 28 4:40am NNE 29.75 71 15 74.4 86.8 3:50pm 61.9 5:40am 0 10 0.00 2 12 2:29pm NNE 29.78 67 16 72.7 82.2 5:27pm 65.0 11:55pm 0 8 0.04 1 19 12:22pm NE 29.84 73 17 76.0 88.9 4:32pm 61.3 5:48am 0 11 0.00 2 17 4:32pm ENE 29.89 69 18 70.9 79.2 6:24pm 62.5 6:16am 0 6 0.80 5 36 2:00am W 29.75 75 19 76.5 90.0 4:20pm 62.1 6:22am 0 12 0.00 1 11 1:38pm WSW 29.84 66 20 80.1 91.1 3:09pm 67.3 5:47am 0 15 0.00 3 16 3:18pm ENE 29.88 62 21 77.5 88.7 4:25pm 64.9 4:23am 0 12 0.00 2 21 5:27pm NE 29.90 66 22 78.8 88.9 3:31pm 69.0 11:58pm 0 14 0.00 2 16 3:13pm ENE 29.93 63 23 78.3 89.0 4:42pm 64.5 6:08am 0 13 0.00 2 16 4:45pm ENE 29.95 64 24 81.8 93.0 4:15pm 68.5 4:28am 0 17 0.00 4 25 6:05pm SW 29.88 67 25 83.9 95.2 2:39pm 70.3 11:59pm 0 19 0.00 2 16 4:34pm WSW 29.85 66 26 75.9 89.2 3:30pm 62.1 5:55am 0 11 0.00 2 14 9:28am N 29.92 57 27 74.5 85.1 5:09pm 62.2 2:57am 0 10 0.00 1 21 3:10pm ENE 29.93 63 28 83.6 97.1 4:38pm 71.0 5:27am 0 19 0.05 4 29 2:49am SSW 29.86 64 29 87.2 99.0 3:41pm 75.5 6:09am 0 22 0.00 5 20 12:49pm SW 29.87 59 30 86.1 95.3 2:54pm 75.6 3:53am 0 21 0.00 4 23 11:36am WSW 29.92 63 --------------------------------------------------------------------------------------- TOT 76.2 99.0 6/29/23 58.8 6/12/23 7 344 2.14 2 36 6/18/23 ENE 29.88 66 HEAT BASE: 65.0 COOL BASE: 65.0