NOAA-Style Climate Reports for Bentonville Arkansas (nwarwx.com)
Select data to display
Select a Year or Month report
Select a Year or Month report
Report for 2005 Jan
MONTHLY CLIMATOLOGICAL SUMMARY for JAN. 2005 NAME: nwarwx.com CITY: Bentonville STATE: Arkansas ELEV: 1289 LAT: 036:36:22 LONG: 0094:20:34 TEMPERATURE ( °F), RAIN (in.), WIND SPEED (mph) HEAT COOL AVG MEAN DEG DEG WIND DOM DAY TEMP HIGH TIME LOW TIME DAYS DAYS RAIN SPEED HIGH TIME DIR -------------------------------------------------------------------------------------------------------- 01 62.1 067.5 14:19 57.6 00:00 02.9 00.0 00.00 005 016 14:38 S 07 57.6 060.1 03:00 30.0 00:00 07.3 00.0 00.00 002 006 02:38 SSW 08 31.8 046.8 16:02 28.2 06:20 33.1 00.0 00.00 001 010 20:19 WSW 09 45.5 058.3 14:22 32.7 00:22 19.5 00.0 00.00 005 021 11:19 SSW 10 55.1 063.5 21:16 39.6 01:36 09.8 00.0 00.00 006 020 14:22 S 11 60.1 065.7 14:19 48.2 23:19 04.9 00.0 00.00 006 018 14:20 SW 12 61.2 066.6 13:19 47.7 00:00 03.7 00.0 00.00 009 030 18:18 SSW 13 35.3 047.7 00:14 27.5 00:00 29.6 00.0 00.00 005 020 05:19 NNW 14 28.8 036.7 15:19 21.9 08:19 36.2 00.0 00.00 004 012 13:00 NE 15 29.0 038.8 14:38 21.4 00:00 36.0 00.0 00.00 004 012 16:38 NNE 16 21.3 027.9 15:22 15.3 08:18 43.6 00.0 00.00 006 015 14:36 NNE 17 25.3 034.3 15:22 17.6 06:34 39.6 00.0 00.00 004 008 00:00 ENE 25 41.9 050.9 23:58 22.6 07:20 23.1 00.0 00.00 003 010 17:00 NE 26 39.7 048.0 17:19 33.6 23:38 25.2 00.0 00.00 005 012 19:38 NNE 27 37.0 040.8 14:22 33.3 03:38 28.0 00.0 00.00 007 015 20:02 ENE 28 33.8 036.0 00:04 32.5 20:34 31.1 00.0 00.00 004 013 01:34 E 29 33.8 035.8 11:59 32.7 21:00 31.2 00.0 00.00 002 012 15:24 NNW 30 36.9 041.9 15:20 33.1 04:19 28.0 00.0 00.00 003 010 19:35 NE 31 37.9 040.3 16:03 35.8 08:00 27.1 00.0 00.00 002 008 17:31 NE -------------------------------------------------------------------------------------------------------- 40.7 (40.0) 67.5 day 01 15.3 day 16 459.9 000.0 00.00 04.3 030 day 12 E Max <= 32: 1 Min <= 86: 19 Min <= 23: 5 Max Rain: 0.00 ON 18-01-19 Days of Rain: 0 (> .008in) 0 (> .08in) 0 (> 0.8in)