NOAA-Style Climate Reports for Bentonville Arkansas (nwarwx.com)
Select data to display
Select a Year or Month report
Select a Year or Month report
Report for 2005 May
MONTHLY CLIMATOLOGICAL SUMMARY for MAY. 2005 NAME: nwarwx.com CITY: Bentonville STATE: Arkansas ELEV: 1289 LAT: 036:36:22 LONG: 0094:20:34 TEMPERATURE ( °F), RAIN (in.), WIND SPEED (mph) HEAT COOL AVG MEAN DEG DEG WIND DOM DAY TEMP HIGH TIME LOW TIME DAYS DAYS RAIN SPEED HIGH TIME DIR -------------------------------------------------------------------------------------------------------- 01 49.6 061.0 15:00 35.4 04:18 15.3 00.0 00.00 003 017 15:20 WNW 02 48.5 057.0 17:20 36.7 06:24 16.5 00.0 00.00 004 015 14:38 WNW 03 50.1 065.3 16:20 33.4 07:00 14.8 00.0 00.00 002 012 14:38 E 04 54.3 069.1 16:20 37.0 06:20 10.6 00.0 00.00 003 012 16:20 SSW 05 59.4 070.2 16:38 45.3 04:19 05.6 00.0 00.00 003 012 17:20 SW 06 65.1 075.7 17:00 53.6 01:00 00.0 00.2 00.00 003 014 16:38 SSW 07 67.9 078.1 17:00 54.7 04:19 00.0 02.9 00.00 005 015 14:38 S 08 64.9 068.9 00:18 61.0 11:19 00.0 00.0 00.00 005 020 13:20 SSE 09 68.2 077.9 16:39 58.8 05:00 00.0 03.3 00.00 005 014 18:17 SSW 10 72.6 085.3 17:14 57.7 05:26 00.0 07.7 00.00 004 016 16:19 SSW 11 77.4 087.1 16:39 67.5 04:19 00.0 12.5 00.00 005 020 14:20 SSW 12 74.7 083.3 16:19 64.0 04:00 00.0 09.7 00.00 005 020 12:19 S 13 71.6 079.0 15:19 64.8 00:00 00.0 06.7 00.00 004 016 08:39 SSW 14 64.5 073.8 16:18 57.0 22:20 00.4 00.0 00.00 004 017 01:22 NNW 15 55.5 066.4 17:00 41.2 06:20 09.5 00.0 00.00 004 013 16:18 NNE 16 59.3 073.4 17:20 42.4 06:18 05.7 00.0 00.00 002 012 12:38 SE 17 66.2 077.7 17:00 54.1 07:00 00.0 01.2 00.00 005 015 17:19 SSE 18 71.3 081.9 16:19 60.3 05:19 00.0 06.4 00.00 005 017 14:18 S 19 75.0 082.9 17:19 68.4 05:00 00.0 10.0 00.00 006 016 14:18 SW 20 76.0 087.8 16:19 64.0 23:20 00.0 11.0 00.00 003 015 15:22 NNW 21 73.2 086.0 16:19 60.8 06:35 00.0 08.3 00.00 003 008 17:22 S 22 75.5 084.4 18:19 67.1 05:19 00.0 10.5 00.00 004 017 12:19 SW 23 74.3 085.6 17:19 63.1 02:37 00.0 09.3 00.00 003 035 08:18 NE 24 67.0 072.3 09:38 59.4 23:38 00.0 02.1 00.00 004 015 15:59 ENE 25 68.1 078.8 17:19 59.7 06:00 00.0 03.2 00.00 003 012 13:34 E 26 62.5 070.5 18:23 55.6 22:23 02.5 00.0 00.00 003 012 15:35 NNE 27 61.3 070.7 11:19 52.0 06:19 03.7 00.0 00.00 001 010 14:18 WNW 28 66.4 081.5 17:00 50.0 06:00 00.0 01.4 00.00 002 008 14:18 S 29 69.9 079.3 17:38 58.5 23:20 00.0 04.9 00.00 003 014 14:19 ESE 30 68.5 079.7 16:20 57.6 02:21 00.0 03.6 00.00 003 013 15:19 ENE 31 70.7 081.1 16:27 57.9 05:34 00.0 05.8 00.00 004 015 17:10 E -------------------------------------------------------------------------------------------------------- 66.1 (65.7) 87.8 day 20 33.4 day 03 084.5 120.7 00.00 03.6 035 day 01 S Max >= 86: 3 Min <= 86: 31 Max Rain: 0.00 ON 18-05-19 Days of Rain: 0 (> .008in) 0 (> .08in) 0 (> 0.8in)