NOAA-Style Climate Reports for Bentonville Arkansas (nwarwx.com)
Select data to display
Select a Year or Month report
Select a Year or Month report
Report for 2005 Aug
MONTHLY CLIMATOLOGICAL SUMMARY for AUG. 2005 NAME: nwarwx.com CITY: Bentonville STATE: Arkansas ELEV: 1289 LAT: 036:36:22 LONG: 0094:20:34 TEMPERATURE ( °F), RAIN (in.), WIND SPEED (mph) HEAT COOL AVG MEAN DEG DEG WIND DOM DAY TEMP HIGH TIME LOW TIME DAYS DAYS RAIN SPEED HIGH TIME DIR -------------------------------------------------------------------------------------------------------- 01 80.1 093.7 17:19 65.8 02:19 00.0 15.1 00.00 002 012 13:18 SW 02 82.2 095.0 17:18 69.6 06:19 00.0 17.2 00.00 001 010 11:38 SSW 03 83.5 095.5 17:19 72.0 05:00 00.0 18.6 00.00 002 012 16:20 SE 04 84.2 096.4 16:20 71.6 06:22 00.0 19.2 00.00 003 017 14:22 ENE 05 76.7 091.0 14:22 70.0 17:00 00.0 11.8 00.00 003 021 16:09 NE 06 75.3 090.5 17:17 67.1 23:19 00.0 10.4 00.00 002 015 19:27 ENE 07 78.4 092.3 17:05 64.8 06:31 00.0 13.5 00.00 002 008 18:11 E 08 81.7 095.2 16:31 68.7 07:07 00.0 16.7 00.00 002 009 16:31 S 09 81.3 092.7 15:19 68.7 07:05 00.0 16.4 00.00 001 008 18:33 SW 10 82.1 095.4 17:19 70.7 07:05 00.0 17.2 00.00 002 009 10:13 SW 11 82.2 092.5 15:38 69.8 06:13 00.0 17.2 00.00 004 016 15:19 SW 12 83.7 093.9 17:38 73.6 07:18 00.0 18.7 00.00 005 018 09:38 SW 13 81.8 092.7 17:38 69.8 22:30 00.0 16.8 00.00 005 018 12:20 WSW 14 73.0 078.1 19:06 69.3 03:08 00.0 08.1 00.00 002 016 11:06 WSW 15 75.2 082.2 15:26 70.5 00:00 00.0 10.3 00.00 003 018 22:19 SW 16 76.3 085.3 15:26 70.3 02:12 00.0 11.3 00.00 001 012 15:06 WNW 17 77.8 085.5 18:12 72.5 04:19 00.0 12.8 00.00 004 015 16:32 SW 18 83.6 093.4 16:32 73.9 04:12 00.0 18.6 00.00 006 018 16:12 SW 19 82.6 090.1 19:10 77.5 23:28 00.0 17.6 00.00 001 008 19:19 SW 20 78.0 089.2 12:28 70.9 00:00 00.0 13.0 00.00 003 018 13:30 WSW 21 78.9 090.5 15:18 70.2 07:00 00.0 14.0 00.00 002 017 07:20 WNW 22 76.9 085.1 17:26 71.4 05:23 00.0 11.9 00.00 002 012 09:19 NW 23 77.5 085.5 17:19 71.6 06:32 00.0 12.6 00.00 003 016 07:19 ENE 24 81.0 092.3 18:20 70.7 06:32 00.0 16.0 00.00 003 012 19:20 SE 25 82.6 092.1 16:19 74.3 07:00 00.0 17.7 00.00 002 012 14:19 SW 26 83.6 093.7 16:19 74.7 05:19 00.0 18.7 00.00 003 015 15:20 WSW 27 80.8 091.4 14:20 69.6 07:12 00.0 15.9 00.00 002 012 15:18 NW 28 80.7 092.3 16:38 70.3 06:19 00.0 15.8 00.00 003 012 16:38 NE 29 79.2 091.8 14:19 67.5 07:01 00.0 14.3 00.00 005 022 13:25 NE 30 76.1 089.1 15:38 67.5 07:20 00.0 11.2 00.00 004 013 15:18 N 31 76.4 091.8 16:38 59.7 07:19 00.0 11.4 00.00 002 010 13:20 NE -------------------------------------------------------------------------------------------------------- 79.8 (80.5) 96.4 day 04 59.7 day 31 000.0 460.1 00.00 02.7 022 day 29 WSW Max >= 86: 25 Min <= 86: 31 Max Rain: 0.00 ON 18-08-19 Days of Rain: 0 (> .008in) 0 (> .08in) 0 (> 0.8in)