NOAA-Style Climate Reports for Bentonville Arkansas (nwarwx.com)
Select data to display
Select a Year or Month report
Select a Year or Month report
Report for 2005 Sep
MONTHLY CLIMATOLOGICAL SUMMARY for SEP. 2005 NAME: nwarwx.com CITY: Bentonville STATE: Arkansas ELEV: 1289 LAT: 036:36:22 LONG: 0094:20:34 TEMPERATURE ( °F), RAIN (in.), WIND SPEED (mph) HEAT COOL AVG MEAN DEG DEG WIND DOM DAY TEMP HIGH TIME LOW TIME DAYS DAYS RAIN SPEED HIGH TIME DIR -------------------------------------------------------------------------------------------------------- 01 78.3 093.0 15:19 60.6 07:18 00.0 13.3 00.00 002 014 12:19 NNW 02 81.0 093.7 16:38 66.9 07:20 00.0 16.0 00.00 002 009 15:19 ENE 03 75.6 091.2 14:18 66.9 16:19 00.0 10.6 00.00 002 017 15:19 ESE 04 76.3 090.9 15:19 65.7 06:14 00.0 11.4 00.00 002 014 13:22 ESE 05 74.8 089.4 16:34 61.7 03:24 00.0 09.9 00.00 002 012 16:34 E 06 77.0 088.0 14:19 67.3 03:20 00.0 12.1 00.00 002 012 11:19 SE 07 76.2 089.8 16:00 64.8 07:19 00.0 11.2 00.00 002 008 16:20 E 08 75.7 090.0 16:00 62.2 07:18 00.0 10.7 00.00 001 010 13:39 WSW 09 78.4 091.8 15:38 63.9 05:38 00.0 13.5 00.00 003 013 16:19 SSE 10 78.8 090.7 16:24 65.8 05:38 00.0 13.9 00.00 004 015 15:34 SE 11 79.1 089.8 15:19 68.5 07:08 00.0 14.1 00.00 003 013 11:30 SSE 12 79.8 088.7 17:19 72.0 07:19 00.0 14.9 00.00 005 020 12:19 S 13 81.6 092.3 17:00 68.9 05:20 00.0 16.7 00.00 006 022 13:00 SW 14 73.5 081.5 00:18 67.8 04:18 00.0 08.5 00.00 003 029 01:20 S 15 70.3 079.9 14:38 62.6 00:00 00.0 05.3 00.00 005 023 14:18 W 16 63.9 074.3 16:18 58.1 23:32 01.1 00.0 00.00 004 012 17:24 N 17 68.3 081.5 16:18 55.9 07:19 00.0 03.4 00.00 003 010 16:18 SSE 18 79.2 090.5 16:19 68.7 02:19 00.0 14.2 00.00 004 017 15:38 S 19 80.6 092.3 14:20 68.9 06:00 00.0 15.7 00.00 004 018 14:00 SSW 20 79.7 092.3 15:18 70.5 03:19 00.0 14.8 00.00 003 013 17:19 WSW 21 80.5 093.0 16:19 70.2 07:18 00.0 15.6 00.00 003 012 16:19 SW 22 79.9 092.8 15:21 66.4 07:00 00.0 14.9 00.00 002 015 14:20 SSW 23 81.2 091.4 15:20 70.5 07:20 00.0 16.2 00.00 002 010 15:17 E 24 75.3 081.7 13:19 68.9 04:24 00.0 10.3 00.00 005 020 23:35 ENE 25 76.1 086.9 17:00 68.2 23:20 00.0 11.1 00.00 006 022 06:01 NNE 26 73.5 086.5 12:19 64.4 00:00 00.0 08.5 00.00 003 015 15:20 NNE 27 69.9 083.8 16:38 59.5 06:38 00.0 05.0 00.00 002 010 13:00 NE 28 70.4 086.0 13:28 55.8 00:00 00.0 05.5 00.00 006 020 22:19 SW 29 56.6 068.9 17:10 43.9 06:28 08.3 00.0 00.00 003 015 01:18 NE 30 62.3 076.5 17:19 47.8 03:19 02.7 00.0 00.00 003 013 12:19 S -------------------------------------------------------------------------------------------------------- 75.1 (75.7) 93.7 day 02 43.9 day 29 012.1 317.6 00.00 03.3 029 day 15 SSE Max >= 86: 22 Min <= 86: 30 Max Rain: 0.00 ON 18-09-19 Days of Rain: 0 (> .008in) 0 (> .08in) 0 (> 0.8in)