NOAA-Style Climate Reports for Bentonville Arkansas (nwarwx.com)
Select data to display
Select a Year or Month report
Select a Year or Month report
Report for 2017 Aug
MONTHLY CLIMATOLOGICAL SUMMARY for AUG. 2017 NAME: nwarwx.com CITY: Bentonville STATE: Arkansas ELEV: 1289 LAT: 036:36:22 LONG: 0094:20:34 TEMPERATURE ( °F), RAIN (in.), WIND SPEED (mph) HEAT COOL AVG MEAN DEG DEG WIND DOM DAY TEMP HIGH TIME LOW TIME DAYS DAYS RAIN SPEED HIGH TIME DIR -------------------------------------------------------------------------------------------------------- 01 71.4 074.6 16:24 66.3 00:00 00.0 06.4 00.12 001 010 15:26 SW 02 74.1 087.1 16:21 62.7 06:02 00.0 09.1 00.01 001 012 17:57 ENE 03 75.3 089.6 15:46 66.8 04:46 00.0 10.4 00.04 002 024 18:34 WSW 04 71.5 080.0 15:49 65.8 07:02 00.0 06.6 00.00 002 017 11:57 NE 05 74.4 083.0 13:23 66.5 01:38 00.0 09.5 00.00 002 021 16:37 SE 06 70.5 076.6 17:24 65.0 06:34 00.0 05.6 01.10 001 017 05:06 NE 07 71.5 082.1 16:43 64.5 05:05 00.0 06.6 00.00 001 012 17:41 NE 08 73.0 083.2 17:03 64.3 06:27 00.0 08.0 00.00 002 012 18:15 NE 09 74.8 085.5 17:31 64.6 06:20 00.0 09.9 00.00 001 010 14:46 E 10 78.5 088.8 17:30 68.4 06:35 00.0 13.6 00.00 003 017 12:16 SW 11 76.1 083.6 16:46 68.2 08:44 00.0 11.2 00.13 001 022 07:43 N 12 72.9 079.8 12:43 66.4 06:07 00.0 07.9 00.00 001 010 18:07 NE 13 68.5 071.9 00:02 65.8 08:48 00.0 03.5 00.85 001 014 06:08 E 14 72.3 078.6 18:12 69.1 05:43 00.0 07.3 00.00 001 010 16:29 S 15 77.7 087.9 14:28 69.3 02:27 00.0 12.7 01.20 002 016 23:14 SSW 16 75.8 084.1 13:36 67.2 00:00 00.0 10.9 00.78 003 037 14:33 SSW 17 74.1 085.0 16:55 66.9 00:31 00.0 09.2 00.40 003 018 17:38 WSW 18 74.7 088.8 14:14 67.3 03:08 00.0 09.8 00.73 003 025 17:45 SW 19 79.9 092.0 15:44 68.5 00:12 00.0 15.0 00.00 003 015 12:39 WSW 20 82.8 093.1 15:38 72.2 05:49 00.0 17.8 00.00 003 018 13:32 SW 21 81.0 089.5 15:17 71.7 07:11 00.0 16.0 00.00 003 017 16:48 SSW 22 76.7 087.1 16:59 67.0 09:39 00.0 11.8 00.10 003 026 08:44 W 23 74.2 082.4 15:08 64.8 00:00 00.0 09.2 00.00 003 017 10:44 NE 24 70.7 083.0 15:45 58.9 05:58 00.0 05.8 00.00 002 013 17:03 ENE 25 71.3 083.6 16:26 59.7 06:02 00.0 06.3 00.00 002 014 13:43 E 26 73.4 083.7 16:06 67.8 06:38 00.0 08.5 00.00 001 010 17:39 ENE 27 75.6 087.3 16:19 64.7 07:02 00.0 10.6 00.00 002 014 23:19 NE 28 72.4 083.0 14:35 65.3 06:51 00.0 07.5 00.00 003 015 14:11 NNE 29 70.6 082.4 15:16 60.6 05:58 00.0 05.6 00.00 002 015 14:57 NNE 30 71.8 084.9 14:58 60.7 06:08 00.0 06.9 00.00 003 018 18:06 NE 31 72.0 082.9 14:10 63.2 23:37 00.0 07.1 00.00 005 024 11:46 NNE -------------------------------------------------------------------------------------------------------- 74.2 (74.9) 93.1 day 20 58.9 day 24 000.0 286.3 05.47 02.1 037 day 16 ENE Max >= 86: 10 Min <= 86: 31 Max Rain: 1.20 ON 15-08-17 Days of Rain: 11 (> .008in) 9 (> .08in) 3 (> 0.8in)