NOAA-Style Climate Reports for Bentonville Arkansas (nwarwx.com)
Select data to display
Select a Year or Month report
Select a Year or Month report
Report for 2018 Feb
MONTHLY CLIMATOLOGICAL SUMMARY for FEB. 2018 NAME: nwarwx.com CITY: Bentonville STATE: Arkansas ELEV: 1289 LAT: 036:36:22 LONG: 0094:20:34 TEMPERATURE ( °F), RAIN (in.), WIND SPEED (mph) HEAT COOL AVG MEAN DEG DEG WIND DOM DAY TEMP HIGH TIME LOW TIME DAYS DAYS RAIN SPEED HIGH TIME DIR -------------------------------------------------------------------------------------------------------- 01 39.0 047.2 14:01 23.8 00:00 25.9 00.0 00.00 007 022 13:51 NNE 02 31.6 046.2 16:03 18.5 07:47 33.4 00.0 00.00 004 017 19:12 ESE 03 39.4 050.4 13:42 28.9 06:00 25.5 00.0 00.00 005 021 12:03 S 04 27.9 038.8 00:02 12.6 23:59 37.0 00.0 00.00 005 020 15:47 N 05 27.0 044.4 14:29 12.1 02:03 38.0 00.0 00.00 005 022 12:48 S 06 25.9 028.6 15:17 18.8 07:40 39.1 00.0 00.00 005 016 06:07 NE 07 29.4 041.0 15:24 21.0 07:54 35.5 00.0 00.00 003 018 10:35 NNE 08 39.0 058.1 14:32 21.4 04:02 25.9 00.0 00.00 004 023 13:10 SSW 09 50.5 063.0 16:07 37.6 02:57 14.4 00.0 00.00 005 020 13:14 SSW 10 28.6 042.9 00:04 24.0 23:20 36.3 00.0 00.00 005 018 05:44 NNE 11 22.7 024.1 16:30 20.5 08:44 42.3 00.0 00.00 003 012 23:44 N 12 30.3 043.0 15:09 18.1 05:22 34.7 00.0 00.04 005 017 14:04 ENE 13 42.4 054.5 15:38 32.3 07:36 22.5 00.0 00.00 004 018 01:29 SSE 14 54.1 063.5 16:23 47.1 07:55 10.8 00.0 00.01 007 028 13:27 SSW 15 67.0 075.7 13:50 60.5 01:14 00.0 02.1 00.00 012 035 11:00 SSW 16 41.6 065.7 00:35 36.0 09:30 23.3 00.0 00.37 007 030 00:34 NNE 17 41.0 051.0 16:28 33.6 00:00 23.9 00.0 00.63 004 020 12:13 WSW 18 44.9 055.0 12:55 30.4 05:12 20.0 00.0 00.01 006 026 19:22 SSE 19 63.2 067.4 22:52 54.8 00:02 01.8 00.0 00.16 010 035 09:18 S 20 53.7 069.3 10:30 30.4 00:00 11.2 00.0 02.13 008 035 07:16 SSW 21 29.1 032.2 21:56 26.4 06:15 35.8 00.0 00.00 007 020 20:24 NE 22 40.1 049.1 13:43 31.0 02:48 24.8 00.0 00.61 003 018 14:41 ENE 23 46.0 051.1 20:12 41.0 07:42 19.0 00.0 01.64 004 020 22:35 ENE 24 48.8 055.7 15:07 35.1 00:00 16.1 00.0 01.46 004 029 18:29 W 25 42.5 060.1 15:49 27.7 07:31 22.4 00.0 00.00 002 018 16:09 SSW 26 49.6 066.1 15:52 32.6 07:09 15.3 00.0 00.00 002 024 14:16 S 27 50.3 065.0 11:11 40.7 06:03 14.6 00.0 00.30 005 026 13:02 SE 28 58.8 064.7 16:38 53.3 01:34 06.2 00.0 00.11 005 032 13:21 SSW -------------------------------------------------------------------------------------------------------- 41.6 (41.9) 75.7 day 15 12.1 day 05 655.7 002.1 07.47 05.2 035 day 15 SSE Max <= 32: 2 Min <= 86: 28 Min <= 23: 8 Max Rain: 2.13 ON 20-02-18 Days of Rain: 12 (> .008in) 9 (> .08in) 3 (> 0.8in)