NOAA-Style Climate Reports for Bentonville Arkansas (nwarwx.com)
Select data to display
Select a Year or Month report
Select a Year or Month report
Report for 2018 Jun
MONTHLY CLIMATOLOGICAL SUMMARY for JUN. 2018 NAME: nwarwx.com CITY: Bentonville STATE: Arkansas ELEV: 1289 LAT: 036:36:22 LONG: 0094:20:34 TEMPERATURE ( °F), RAIN (in.), WIND SPEED (mph) HEAT COOL AVG MEAN DEG DEG WIND DOM DAY TEMP HIGH TIME LOW TIME DAYS DAYS RAIN SPEED HIGH TIME DIR -------------------------------------------------------------------------------------------------------- 01 82.7 094.2 15:31 72.2 04:45 00.0 17.7 00.00 002 013 13:25 SSW 02 79.8 089.8 16:37 68.3 23:28 00.0 14.8 00.01 002 021 17:46 WNW 03 73.0 085.0 15:46 59.2 06:20 00.0 08.1 00.00 003 022 12:22 NNE 04 70.7 084.3 14:53 57.1 05:54 00.0 05.8 00.00 001 012 16:42 NE 05 75.7 088.9 16:07 61.7 05:12 00.0 10.7 00.00 001 012 16:31 SSW 06 77.5 090.9 14:58 64.4 05:26 00.0 12.6 00.00 001 012 20:00 SSW 07 78.7 088.9 12:18 66.2 06:01 00.0 13.8 00.00 003 022 13:11 SW 08 79.8 092.0 16:32 67.2 05:25 00.0 14.8 00.00 003 017 20:59 SW 09 80.5 091.7 16:08 66.7 05:48 00.0 15.5 00.00 004 018 18:07 SSW 10 81.4 093.0 16:05 67.9 05:57 00.0 16.4 00.00 004 022 10:42 SSW 11 82.7 092.8 15:16 73.7 06:00 00.0 17.7 00.00 004 021 13:41 SSW 12 75.1 083.4 17:06 65.6 06:35 00.0 10.1 00.72 002 020 05:44 SSW 13 79.3 092.5 17:14 68.2 04:54 00.0 14.4 00.11 001 012 17:08 SW 14 82.7 092.2 15:46 71.6 05:26 00.0 17.8 00.00 003 018 10:16 SSW 15 83.2 092.3 16:09 73.7 05:13 00.0 18.3 00.00 003 020 14:06 SSW 16 83.4 093.2 16:01 74.0 06:45 00.0 18.4 00.00 004 020 14:58 SSW 17 83.0 091.8 16:21 75.0 06:50 00.0 18.1 00.00 003 020 11:46 S 18 81.4 089.1 16:43 74.8 06:16 00.0 16.4 00.00 004 016 19:22 SSW 19 79.2 087.7 14:47 72.1 05:49 00.0 14.2 00.00 004 021 09:29 SSW 20 73.3 080.5 09:54 70.0 13:31 00.0 08.4 00.07 003 020 12:39 SSW 21 75.8 084.9 16:50 70.1 03:52 00.0 10.8 00.00 007 024 15:19 W 22 73.1 082.4 16:49 63.0 06:12 00.0 08.1 00.00 003 016 14:44 WNW 23 77.0 088.5 16:48 66.9 06:53 00.0 12.1 00.00 004 021 13:53 WSW 24 72.6 076.2 14:49 67.4 00:00 00.0 07.6 00.17 003 018 13:05 SW 25 76.7 086.6 17:25 64.9 02:08 00.0 11.8 00.00 004 026 13:07 WSW 26 77.8 090.2 15:39 67.9 21:52 00.0 12.9 00.31 006 030 16:58 SW 27 84.0 094.8 16:10 69.4 00:03 00.0 19.0 00.00 007 024 10:03 SW 28 85.2 096.5 16:05 75.0 06:07 00.0 20.3 00.00 004 020 15:49 SSW 29 84.6 093.2 17:41 75.2 06:29 00.0 19.7 00.00 005 023 10:16 SSW 30 84.2 094.1 14:31 73.2 04:01 00.0 19.2 00.00 004 021 18:13 SSW -------------------------------------------------------------------------------------------------------- 79.1 (79.1) 96.5 day 28 57.1 day 04 000.0 425.6 01.39 03.4 030 day 26 SW Max >= 86: 23 Min <= 86: 30 Max Rain: 0.72 ON 12-06-18 Days of Rain: 6 (> .008in) 4 (> .08in) 0 (> 0.8in)