NOAA-Style Climate Reports for Bentonville Arkansas (nwarwx.com)
Select data to display
Select a Year or Month report
Select a Year or Month report
Report for 2018 Jul
MONTHLY CLIMATOLOGICAL SUMMARY for JUL. 2018 NAME: nwarwx.com CITY: Bentonville STATE: Arkansas ELEV: 1289 LAT: 036:36:22 LONG: 0094:20:34 TEMPERATURE ( °F), RAIN (in.), WIND SPEED (mph) HEAT COOL AVG MEAN DEG DEG WIND DOM DAY TEMP HIGH TIME LOW TIME DAYS DAYS RAIN SPEED HIGH TIME DIR -------------------------------------------------------------------------------------------------------- 01 78.0 083.2 09:44 72.4 23:42 00.0 13.1 00.12 003 020 08:56 SW 02 81.3 094.4 16:25 69.5 04:55 00.0 16.3 00.00 001 010 14:44 ENE 03 80.9 095.9 13:14 74.3 23:22 00.0 15.9 00.00 002 030 14:05 SE 04 82.0 092.6 16:46 71.4 04:59 00.0 17.0 00.00 002 020 16:15 ESE 05 83.9 097.1 16:06 70.0 06:07 00.0 19.0 00.00 002 024 22:07 NE 06 79.6 092.8 11:37 69.1 13:51 00.0 14.7 02.05 001 038 13:22 NNE 07 79.5 090.2 16:01 70.8 01:20 00.0 14.6 00.00 002 015 13:34 ENE 08 77.9 088.1 17:42 66.5 05:15 00.0 13.0 00.00 001 013 18:47 ENE 09 80.3 091.5 16:21 71.4 06:15 00.0 15.3 00.00 001 012 18:20 SSE 10 81.1 095.4 15:54 70.3 06:03 00.0 16.2 00.02 001 012 18:35 SW 11 83.6 096.5 17:05 71.9 05:48 00.0 18.6 00.00 001 012 19:25 WSW 12 83.6 095.9 14:38 73.1 05:36 00.0 18.7 00.00 001 016 15:05 SSW 13 83.4 094.6 16:44 71.7 06:27 00.0 18.5 00.00 003 020 13:11 SW 14 82.2 093.5 12:53 74.6 03:38 00.0 17.2 00.04 003 028 18:16 WSW 15 83.1 096.0 16:14 74.3 06:15 00.0 18.1 00.00 002 020 20:58 SW 16 77.8 092.7 12:39 72.4 23:53 00.0 12.9 01.21 002 020 14:56 SSW 17 77.0 091.6 13:58 70.4 06:18 00.0 12.0 00.10 001 028 14:25 E 18 78.1 087.4 15:59 71.7 07:00 00.0 13.1 00.14 001 012 15:59 S 19 82.4 096.5 16:15 71.8 05:11 00.0 17.5 00.00 002 026 19:47 SE 20 86.5 098.3 17:13 74.6 04:58 00.0 21.6 00.00 003 018 19:09 SSW 21 79.9 093.2 16:04 68.9 06:17 00.0 14.9 00.28 002 031 00:12 NE 22 75.7 085.0 12:32 66.0 06:14 00.0 10.8 00.00 001 012 09:07 NNE 23 76.0 087.1 16:50 63.9 06:14 00.0 11.1 00.00 003 020 13:29 NE 24 78.4 091.2 17:03 64.9 05:33 00.0 13.4 00.00 001 014 12:53 NNE 25 79.3 093.4 16:11 64.4 06:51 00.0 14.4 00.00 001 010 11:47 NE 26 74.4 081.8 11:02 68.9 23:57 00.0 09.5 00.01 001 010 14:53 NE 27 76.5 089.5 16:18 65.2 02:53 00.0 11.5 00.01 002 017 12:21 NE 28 74.6 083.6 12:57 67.1 07:05 00.0 09.6 00.01 001 022 14:30 ESE 29 72.6 083.4 17:12 67.2 09:22 00.0 07.7 00.62 001 013 08:26 E 30 70.1 083.7 14:37 63.0 23:28 00.0 05.2 00.65 001 020 17:47 NE 31 72.1 083.3 16:25 63.1 00:22 00.0 07.2 00.00 002 016 17:24 N -------------------------------------------------------------------------------------------------------- 79.1 (80.2) 98.3 day 20 63.0 day 30 000.0 438.8 05.26 01.7 038 day 06 ENE Max >= 86: 24 Min <= 86: 31 Max Rain: 2.05 ON 6-07-18 Days of Rain: 13 (> .008in) 8 (> .08in) 2 (> 0.8in)