NOAA-Style Climate Reports for Bentonville Arkansas (nwarwx.com)
Select data to display
Select a Year or Month report
Select a Year or Month report
Report for 2018 Oct
MONTHLY CLIMATOLOGICAL SUMMARY for OCT. 2018 NAME: nwarwx.com CITY: Bentonville STATE: Arkansas ELEV: 1289 LAT: 036:36:22 LONG: 0094:20:34 TEMPERATURE ( °F), RAIN (in.), WIND SPEED (mph) HEAT COOL AVG MEAN DEG DEG WIND DOM DAY TEMP HIGH TIME LOW TIME DAYS DAYS RAIN SPEED HIGH TIME DIR -------------------------------------------------------------------------------------------------------- 01 71.2 082.6 16:18 62.4 06:23 00.0 06.3 00.00 002 017 16:22 SW 02 74.2 085.6 16:07 65.1 05:19 00.0 09.3 00.00 003 020 14:47 SSW 03 76.7 086.7 15:25 69.3 06:03 00.0 11.8 00.00 005 026 12:28 SSW 04 77.9 087.6 14:22 72.1 02:19 00.0 13.0 00.01 003 020 14:43 SSW 05 77.4 087.8 15:30 68.5 07:00 00.0 12.5 00.00 004 022 12:18 SSW 06 75.6 085.7 15:02 68.2 23:59 00.0 10.7 00.10 003 017 14:53 SSW 07 73.2 081.9 13:25 66.1 01:32 00.0 08.3 00.12 001 017 13:37 SSE 08 75.8 084.8 15:28 70.2 07:14 00.0 10.8 00.00 003 024 11:15 SSE 09 70.0 077.8 14:09 61.9 23:56 00.0 05.0 00.29 003 024 14:25 S 10 57.9 063.6 15:46 48.1 00:00 07.0 00.0 00.02 004 022 12:28 W 11 50.7 063.1 16:06 40.7 07:26 14.2 00.0 00.00 002 013 12:32 N 12 51.8 055.9 19:48 47.8 23:40 13.2 00.0 00.14 002 015 11:33 SW 13 51.6 055.4 14:49 47.4 04:04 13.3 00.0 00.30 001 012 21:49 ENE 14 56.7 065.6 14:32 46.6 00:00 08.3 00.0 00.16 001 016 22:14 NNE 15 39.9 046.5 00:01 36.0 08:30 25.0 00.0 00.01 003 017 04:42 NNE 16 44.9 057.4 15:06 37.7 06:37 20.1 00.0 00.00 001 009 15:09 N 17 51.4 069.8 13:59 35.4 07:33 13.5 00.0 00.00 002 016 11:47 NNE 18 54.1 063.3 15:04 48.4 04:30 10.8 00.0 00.00 001 013 15:03 ENE 19 50.3 052.2 00:00 47.7 07:19 14.7 00.0 00.69 002 013 06:25 SW 20 55.3 069.2 14:40 42.1 23:40 09.7 00.0 00.01 001 018 15:23 NNW 21 47.7 064.9 15:53 34.3 07:23 17.2 00.0 00.00 000 009 11:42 SW 22 52.0 069.0 15:02 37.9 07:13 12.9 00.0 00.00 002 013 10:25 SW 23 55.1 072.0 14:54 39.8 07:59 09.8 00.0 00.00 001 012 15:19 ENE 24 53.8 061.9 13:54 46.2 03:07 11.1 00.0 00.00 002 012 22:24 ENE 25 49.1 053.1 00:24 45.8 07:40 15.9 00.0 00.15 001 009 23:40 NE 26 49.1 059.0 15:38 41.9 23:43 15.9 00.0 00.15 003 018 11:43 WNW 27 54.9 073.6 15:34 40.7 07:28 10.0 00.0 00.00 001 014 15:03 W 28 57.4 072.4 15:03 44.3 23:52 07.5 00.0 00.00 002 016 10:48 N 29 58.7 076.6 16:10 42.7 01:38 06.2 00.0 00.00 002 016 12:53 SSE 30 66.8 071.3 13:11 60.2 00:17 00.0 01.9 00.20 005 023 12:59 SSW 31 52.8 065.4 00:03 45.8 23:37 12.2 00.0 00.55 004 017 21:25 NNE -------------------------------------------------------------------------------------------------------- 59.2 (60.0) 87.8 day 05 34.3 day 21 268.5 089.5 02.75 02.2 026 day 30 SW Max >= 86: 3 Min <= 86: 31 Max Rain: 0.69 ON 19-10-18 Days of Rain: 15 (> .008in) 11 (> .08in) 0 (> 0.8in)