NOAA-Style Climate Reports for Bentonville Arkansas (nwarwx.com)
Select data to display
Select a Year or Month report
Select a Year or Month report
Report for 2019 Jan
MONTHLY CLIMATOLOGICAL SUMMARY for JAN. 2019 NAME: nwarwx.com CITY: Bentonville STATE: Arkansas ELEV: 1289 LAT: 036:36:22 LONG: 0094:20:34 TEMPERATURE ( °F), RAIN (in.), WIND SPEED (mph) HEAT COOL AVG MEAN DEG DEG WIND DOM DAY TEMP HIGH TIME LOW TIME DAYS DAYS RAIN SPEED HIGH TIME DIR -------------------------------------------------------------------------------------------------------- 01 30.6 038.4 00:58 28.5 21:27 34.3 00.0 00.01 003 013 04:16 N 02 30.0 032.8 20:40 27.6 09:06 34.9 00.0 00.01 001 008 21:20 W 03 36.5 040.8 14:20 31.1 00:42 28.5 00.0 00.27 003 016 20:45 NE 04 40.6 053.4 14:43 33.9 23:57 24.4 00.0 00.92 003 015 05:10 NW 05 44.1 065.2 15:09 30.4 06:34 20.9 00.0 00.00 002 015 15:17 SW 06 53.8 066.0 14:53 37.9 02:38 11.1 00.0 00.01 005 028 14:56 S 07 57.5 067.8 15:10 41.2 23:51 07.4 00.0 00.03 008 029 01:42 SW 08 45.1 056.9 14:45 35.6 06:09 19.8 00.0 00.00 002 020 12:10 NW 09 37.5 049.8 14:45 27.2 23:51 27.5 00.0 00.00 002 020 14:32 NW 10 35.3 043.9 15:34 23.1 06:55 29.6 00.0 00.00 001 010 22:53 E 11 35.6 040.4 00:03 34.7 13:44 29.4 00.0 00.93 004 015 16:59 ESE 12 36.5 040.2 14:08 31.4 00:00 28.5 00.0 00.55 004 017 20:02 NNW 13 31.3 032.0 15:39 30.8 00:00 33.6 00.0 00.00 003 015 10:24 NNW 14 31.7 033.8 15:02 30.6 04:54 33.2 00.0 00.00 002 012 23:07 WSW 15 36.9 049.9 15:09 30.1 07:48 28.0 00.0 00.01 003 014 14:46 SW 16 43.1 047.7 16:25 37.6 00:10 21.9 00.0 00.06 002 016 19:09 S 17 44.1 048.5 04:36 38.7 00:00 20.8 00.0 00.31 001 012 12:22 WNW 18 47.1 055.6 14:25 37.7 07:51 17.8 00.0 00.10 005 029 15:18 SE 19 27.1 050.6 00:39 18.6 00:00 37.8 00.0 00.68 006 025 04:25 NNW 20 24.1 036.5 15:28 13.3 06:34 40.9 00.0 00.08 001 016 02:07 SW 21 34.6 045.3 15:19 26.3 07:37 30.3 00.0 00.00 007 029 19:26 SE 22 45.8 051.1 12:58 30.8 00:00 19.1 00.0 00.32 008 028 02:24 S 23 24.1 030.8 00:03 21.2 21:23 40.8 00.0 00.00 006 025 01:15 WNW 24 28.4 041.2 13:03 20.6 04:25 36.6 00.0 00.01 003 020 15:44 NNW 25 22.3 034.4 13:41 12.2 06:38 42.6 00.0 00.00 003 020 14:10 WSW 26 34.2 050.3 13:39 19.7 05:04 30.7 00.0 00.01 004 021 14:20 SW 27 41.2 055.8 14:20 27.4 03:22 23.7 00.0 00.00 002 015 14:50 SW 28 36.6 045.6 06:17 21.9 00:00 28.3 00.0 00.02 006 022 21:01 WNW 29 27.3 040.4 14:55 14.6 06:58 37.6 00.0 00.00 004 029 14:21 W 30 21.8 031.6 15:51 12.9 07:41 43.2 00.0 00.00 001 016 00:57 NE 31 32.5 043.5 12:25 19.5 03:33 32.4 00.0 00.00 002 020 12:03 SSE -------------------------------------------------------------------------------------------------------- 36.0 (36.6) 67.8 day 07 12.2 day 25 895.7 000.0 04.34 03.4 029 day 29 WSW Max <= 32: 3 Min <= 86: 31 Min <= 23: 10 Max Rain: 0.93 ON 11-01-19 Days of Rain: 18 (> .008in) 9 (> .08in) 2 (> 0.8in)