NOAA style reports

NOAA-Style Climate Reports for Bentonville Arkansas (nwarwx.com)

Select data to display

Select a Year or Month report
2020 > Jan Feb Mar Apr May Jun Jul Aug Sep Oct Nov Dec
2019 > Jan Feb Mar Apr May Jun Jul Aug Sep Oct Nov Dec
2018 > Jan Feb Mar Apr May Jun Jul Aug Sep Oct Nov Dec
2017 > Jan Feb Mar Apr May Jun Jul Aug Sep Oct Nov Dec

Report for 2019 May





                            MONTHLY CLIMATOLOGICAL SUMMARY for MAY. 2019

NAME: nwarwx.com   CITY: Bentonville STATE: Arkansas
ELEV: 1289 LAT: 036:36:22 LONG: 0094:20:34

                            TEMPERATURE ( F), RAIN (in.), WIND SPEED (mph)

                                               HEAT     COOL           AVG
      MEAN                                     DEG      DEG            WIND                      DOM
DAY   TEMP    HIGH   TIME     LOW    TIME      DAYS     DAYS    RAIN   SPEED   HIGH    TIME      DIR
--------------------------------------------------------------------------------------------------------
01    66.4   078.3   16:09    59.6   04:22     00.0     01.5   00.78   004     023    07:47     SSW
02    64.9   073.4   16:14    59.0   06:32     00.0     00.0   00.02   003     035    02:03      NE
03    62.4   077.3   13:07    57.4   22:43     02.5     00.0   00.54   003     035    16:05      W 
04    58.8   067.0   17:34    51.5   00:00     06.1     00.0   00.00   002     012    16:38      NE
05    62.5   077.5   15:15    46.3   05:12     02.4     00.0   00.01   002     015    16:46      S 
06    68.8   081.0   16:35    58.2   06:46     00.0     03.8   01.63   003     014    10:58     SSW
07    69.9   082.5   16:31    57.0   05:55     00.0     05.0   00.01   003     023    01:51      SE
08    64.0   070.4   04:49    58.8   08:03     00.9     00.0   00.25   003     020    15:37     SSW
09    54.9   061.2   06:18    46.2   23:54     10.1     00.0   00.11   003     013    15:00      NW
10    52.5   064.5   17:11    41.2   06:31     12.4     00.0   00.00   003     016    10:06      NE
11    54.7   059.8   15:18    50.2   07:12     10.2     00.0   00.57   002     012    17:13      NE
12    59.8   071.3   14:51    51.3   00:00     05.1     00.0   00.00   004     020    16:30     WNW
13    61.6   076.0   16:28    45.4   06:30     03.4     00.0   00.00   002     013    16:36      NW
14    68.6   079.8   16:25    54.9   06:24     00.0     03.6   00.00   004     020    15:00      SW
15    73.4   085.9   15:32    61.3   05:57     00.0     08.4   00.00   005     020    13:50     WSW
16    74.5   085.6   14:44    63.9   06:14     00.0     09.6   00.00   006     022    16:31      SW
17    73.9   083.8   15:15    64.6   06:39     00.0     09.0   00.00   006     026    16:37     SSW
18    68.2   074.8   13:29    61.1   16:58     00.0     03.3   00.70   005     061    14:10     SSW
19    65.4   075.9   16:02    55.4   03:32     00.0     00.5   00.02   005     030    01:57      W 
20    66.4   078.9   15:58    52.6   04:36     00.0     01.5   00.26   004     026    16:33      E 
21    64.4   073.0   09:20    58.2   23:42     00.6     00.0   01.92   005     024    01:07     SSE
22    72.0   083.7   17:25    58.4   00:35     00.0     07.1   00.00   006     033    13:12     SSW
23    78.7   086.2   16:43    71.9   23:47     00.0     13.8   00.00   006     025    09:47     SSW
24    77.8   086.4   14:59    68.6   05:09     00.0     12.8   00.00   005     023    16:29     SSW
25    75.1   084.7   15:29    64.0   05:32     00.0     10.2   00.28   004     020    13:58     SSW
26    73.9   081.7   17:23    63.4   06:39     00.0     08.9   00.11   004     030    02:52     SSW
27    76.7   085.0   15:34    69.3   05:30     00.0     11.8   00.00   006     028    13:20     SSW
28    74.4   082.4   15:06    68.0   04:58     00.0     09.5   00.00   007     026    17:32     SSW
29    67.6   076.8   09:06    61.2   12:30     00.0     02.6   01.73   004     043    12:02      SW
30    67.4   078.1   16:16    59.3   04:19     00.0     02.5   00.00   005     020    16:23      W 
31    70.4   083.3   16:50    56.0   06:26     00.0     05.5   00.00   002     014    14:35      W 
--------------------------------------------------------------------------------------------------------
67.4 (67.7)   86.4  day 24     41.2  day 10   053.7    130.8   08.94   04.1     061   day 18      SW
Max >=  86: 2
Min <=  86: 31
Max Rain: 1.92 ON 21-05-19
Days of Rain: 16 (> .008in) 12 (> .08in) 3 (> 0.8in)