NOAA-Style Climate Reports for Bentonville Arkansas (nwarwx.com)
Select data to display
Select a Year or Month report
Select a Year or Month report
Report for 2019 Aug
MONTHLY CLIMATOLOGICAL SUMMARY for AUG. 2019 NAME: nwarwx.com CITY: Bentonville STATE: Arkansas ELEV: 1289 LAT: 036:36:22 LONG: 0094:20:34 TEMPERATURE ( °F), RAIN (in.), WIND SPEED (mph) HEAT COOL AVG MEAN DEG DEG WIND DOM DAY TEMP HIGH TIME LOW TIME DAYS DAYS RAIN SPEED HIGH TIME DIR -------------------------------------------------------------------------------------------------------- 01 76.2 083.8 17:35 71.3 07:58 00.0 11.3 00.27 001 009 19:07 E 02 74.5 078.4 18:00 71.4 12:57 00.0 09.6 01.06 001 020 12:10 E 03 74.0 078.4 14:45 70.3 23:51 00.0 09.0 01.12 001 012 15:02 E 04 77.1 088.6 16:17 66.5 06:59 00.0 12.2 00.00 001 010 13:58 NE 05 78.8 090.0 13:41 68.7 06:49 00.0 13.8 00.00 001 013 12:14 WSW 06 81.6 092.3 15:48 72.1 01:53 00.0 16.6 00.00 002 014 11:15 W 07 77.7 088.7 11:52 72.2 04:45 00.0 12.8 00.00 003 020 13:39 N 08 72.1 076.5 16:17 68.2 07:47 00.0 07.2 02.66 002 014 11:08 NE 09 75.7 082.4 17:41 70.8 06:39 00.0 10.8 00.02 002 017 12:05 WSW 10 81.6 092.2 14:45 72.9 00:47 00.0 16.7 00.00 002 012 15:54 SSW 11 83.4 092.0 15:44 77.0 06:54 00.0 18.4 00.00 002 012 22:34 S 12 84.7 094.7 16:18 75.2 07:13 00.0 19.8 00.00 005 020 15:44 SW 13 79.9 086.6 10:51 72.7 00:00 00.0 14.9 00.00 002 017 12:57 NW 14 78.5 089.5 15:23 70.2 00:00 00.0 13.6 00.00 001 012 16:13 NNE 15 78.0 091.3 14:30 66.1 06:27 00.0 13.1 00.00 002 020 16:32 SSE 16 76.8 084.6 16:10 70.6 10:02 00.0 11.9 00.11 003 015 21:32 SSE 17 81.3 091.3 16:15 69.7 05:53 00.0 16.3 00.00 003 021 18:57 S 18 80.0 086.7 16:10 73.5 08:17 00.0 15.0 00.00 003 016 11:16 SSW 19 83.6 094.5 16:27 71.9 06:50 00.0 18.6 00.00 002 013 10:08 SSW 20 84.1 094.3 16:16 73.9 06:37 00.0 19.2 00.00 003 016 19:51 SW 21 79.8 093.2 15:19 71.8 06:48 00.0 14.9 00.00 003 018 17:40 SSW 22 74.4 081.9 16:27 68.0 09:06 00.0 09.4 01.24 003 015 05:27 ENE 23 72.1 078.1 15:42 67.9 08:03 00.0 07.2 00.98 002 024 00:48 ESE 24 73.6 081.1 16:18 70.1 06:10 00.0 08.6 00.15 004 016 15:47 ENE 25 74.0 080.9 12:07 69.1 14:09 00.0 09.0 00.27 002 041 12:12 SSE 26 79.1 090.0 13:35 66.5 23:37 00.0 14.1 00.63 004 048 22:52 SSW 27 72.5 083.7 16:00 64.7 23:59 00.0 07.6 00.01 002 020 00:11 NNE 28 73.0 085.5 15:35 60.9 06:41 00.0 08.0 00.00 001 012 12:07 ENE 29 77.3 088.9 15:03 65.2 06:02 00.0 12.3 00.00 003 016 15:48 SSW 30 70.9 077.6 15:50 65.0 23:55 00.0 06.0 00.41 004 033 04:47 W 31 71.3 082.9 15:08 62.8 06:13 00.0 06.3 00.00 002 013 17:47 NE -------------------------------------------------------------------------------------------------------- 77.3 (78.0) 94.7 day 12 60.9 day 28 000.0 384.3 08.93 02.3 048 day 26 S Max >= 86: 17 Min <= 86: 31 Max Rain: 2.66 ON 8-08-19 Days of Rain: 13 (> .008in) 11 (> .08in) 5 (> 0.8in)