NOAA-Style Climate Reports for Bentonville Arkansas (nwarwx.com)
Select data to display
Select a Year or Month report
Select a Year or Month report
Report for 2019 Sep
MONTHLY CLIMATOLOGICAL SUMMARY for SEP. 2019 NAME: nwarwx.com CITY: Bentonville STATE: Arkansas ELEV: 1289 LAT: 036:36:22 LONG: 0094:20:34 TEMPERATURE ( °F), RAIN (in.), WIND SPEED (mph) HEAT COOL AVG MEAN DEG DEG WIND DOM DAY TEMP HIGH TIME LOW TIME DAYS DAYS RAIN SPEED HIGH TIME DIR -------------------------------------------------------------------------------------------------------- 01 75.6 088.1 16:24 66.4 06:57 00.0 10.7 00.00 001 010 18:20 NE 02 77.7 090.2 15:40 67.7 06:14 00.0 12.7 00.00 001 008 17:36 ESE 03 78.5 091.4 15:40 68.2 06:36 00.0 13.6 00.00 002 013 14:53 SW 04 78.5 091.2 16:31 66.7 06:49 00.0 13.5 00.00 001 012 13:27 NW 05 78.9 091.9 15:33 68.0 07:14 00.0 13.9 00.00 002 015 14:42 WSW 06 79.1 092.3 15:33 67.3 07:00 00.0 14.1 00.00 003 015 14:59 WSW 07 80.1 092.7 14:28 71.2 07:09 00.0 15.2 00.00 002 013 15:32 SW 08 80.7 091.9 15:33 70.2 06:38 00.0 15.7 00.00 002 013 11:50 SSW 09 81.8 092.3 15:17 72.0 06:48 00.0 16.9 00.00 003 021 14:07 SSW 10 79.1 089.4 14:44 69.7 06:35 00.0 14.1 00.00 004 021 01:55 SSW 11 79.9 089.9 14:05 71.9 05:25 00.0 15.0 00.00 003 017 13:02 SSW 12 80.3 090.0 15:33 71.8 07:09 00.0 15.4 00.00 004 023 13:47 SSW 13 70.4 077.0 11:11 63.9 20:31 00.0 05.5 00.33 002 014 16:09 NE 14 75.8 089.0 15:30 65.3 00:13 00.0 10.9 00.00 002 015 13:57 S 15 77.8 092.0 15:20 65.4 07:12 00.0 12.9 00.00 002 013 12:43 SW 16 78.7 092.0 15:04 67.8 07:04 00.0 13.7 00.00 001 012 11:17 SSW 17 78.5 091.0 13:42 66.7 05:39 00.0 13.5 00.00 001 012 16:03 ESE 18 80.2 092.2 15:16 68.3 06:32 00.0 15.3 00.00 002 015 12:52 ESE 19 77.8 089.4 14:20 68.5 05:36 00.0 12.9 00.00 002 024 19:00 E 20 72.1 075.5 10:17 69.2 07:17 00.0 07.1 00.14 003 022 15:08 SSE 21 76.8 085.6 15:36 71.5 07:36 00.0 11.8 00.00 005 025 11:07 SSW 22 74.8 079.1 09:49 72.8 04:54 00.0 09.9 00.03 005 029 09:24 SSW 23 74.6 084.6 16:45 68.7 08:51 00.0 09.6 00.04 002 013 14:43 ENE 24 69.5 074.8 17:20 67.2 07:09 00.0 04.6 00.86 002 013 15:50 SSE 25 75.8 086.4 15:22 68.3 00:01 00.0 10.8 00.30 003 020 23:45 SW 26 69.7 077.3 16:42 65.1 09:25 00.0 04.7 01.50 003 024 01:48 E 27 76.5 086.3 14:26 68.0 00:07 00.0 11.6 00.00 006 026 11:57 SSW 28 76.9 085.5 14:25 70.1 06:48 00.0 11.9 00.00 003 020 13:08 S 29 77.6 086.0 15:43 68.7 06:34 00.0 12.7 00.00 003 022 09:52 S 30 77.3 087.0 14:21 66.7 05:59 00.0 12.3 00.00 004 023 11:18 SSW -------------------------------------------------------------------------------------------------------- 77.0 (77.9) 92.7 day 07 63.9 day 13 000.0 362.6 03.22 02.7 029 day 22 SSW Max >= 86: 22 Min <= 86: 30 Max Rain: 1.50 ON 26-09-19 Days of Rain: 7 (> .008in) 5 (> .08in) 2 (> 0.8in)