NOAA-Style Climate Reports for Bentonville Arkansas (nwarwx.com)
Select data to display
Select a Year or Month report
Select a Year or Month report
Report for 2020 Mar
MONTHLY CLIMATOLOGICAL SUMMARY for MAR. 2020 NAME: nwarwx.com CITY: Bentonville STATE: Arkansas ELEV: 1289 LAT: 036:36:22 LONG: 0094:20:34 TEMPERATURE ( °F), RAIN (in.), WIND SPEED (mph) HEAT COOL AVG MEAN DEG DEG WIND DOM DAY TEMP HIGH TIME LOW TIME DAYS DAYS RAIN SPEED HIGH TIME DIR -------------------------------------------------------------------------------------------------------- 12 60.7 065.5 19:01 44.8 19:00 04.3 00.0 00.00 005 021 22:58 N 13 47.3 055.2 00:02 39.3 23:59 17.7 00.0 00.08 008 024 05:05 ENE 14 43.3 049.9 16:16 39.3 07:13 21.6 00.0 01.13 005 020 07:28 ENE 15 42.1 045.5 15:53 39.4 06:48 22.8 00.0 00.01 006 015 06:39 ENE 16 44.8 049.5 18:35 39.5 05:25 20.2 00.0 00.88 003 017 04:38 ESE 17 51.4 060.0 16:58 46.3 07:05 13.5 00.0 00.01 004 016 11:44 ENE 18 61.8 073.9 16:30 51.8 05:55 03.1 00.0 00.46 006 025 13:33 SSW 19 63.3 065.9 04:57 59.4 13:11 01.6 00.0 01.82 007 033 09:43 SSW 20 45.7 063.4 00:09 34.0 00:00 19.2 00.0 00.00 006 029 07:05 NW 21 41.6 055.1 16:31 29.2 06:28 23.3 00.0 00.01 003 020 21:53 ENE 22 47.2 053.4 14:57 41.1 08:49 17.7 00.0 00.39 003 013 08:33 SE 23 54.2 063.0 17:17 48.6 01:34 10.7 00.0 00.01 003 014 16:50 SE 24 58.3 071.4 14:44 47.4 23:57 06.6 00.0 00.52 004 022 07:39 NE 25 58.2 075.6 16:48 43.7 03:36 06.7 00.0 00.01 004 022 13:18 SSE 26 73.4 088.6 15:52 57.7 01:28 00.0 08.5 00.00 007 025 09:52 SSW 27 72.2 078.2 13:39 68.3 07:26 00.0 07.3 00.00 007 024 14:16 SSW 28 68.1 073.9 14:32 55.1 00:00 00.0 03.2 00.72 010 031 23:17 WSW 29 55.7 070.8 15:11 42.7 07:07 09.3 00.0 00.00 006 026 01:07 W 30 53.3 066.6 14:33 46.0 03:43 11.6 00.0 00.52 002 020 12:54 ESE 31 54.4 067.1 16:21 46.8 07:34 10.5 00.0 00.25 004 020 14:13 N -------------------------------------------------------------------------------------------------------- 54.9 (55.3) 88.6 day 26 29.2 day 21 220.6 019.0 07.44 05.1 033 day 28 SSE Max >= 86: 1 Min <= 86: 20 Max Rain: 1.82 ON 19-03-20 Days of Rain: 15 (> .008in) 9 (> .08in) 3 (> 0.8in)