NOAA style reports

NOAA-Style Climate Reports for Bentonville Arkansas (nwarwx.com)


Report for 2019 08
                  MONTHLY CLIMATOLOGICAL SUMMARY FOR 8/2019
                                        HEAT  COOL        
     MEAN                               DEG   DEG       WIND SPEED       DOM MEAN  MEAN
DAY  TEMP  HIGH   TIME     LOW   TIME   DAYS  DAYS RAIN AVG  HI  TIME    DIR BAROM HUM
---------------------------------------------------------------------------------------
1    76.2  83.8   5:29pm  71.3   7:21am    0   11  0.27   1   9   5:54am ENE 30.05   84
2    74.5  78.4   5:48pm  71.4  12:41am    0    9  1.06   1  19  12:09pm ENE 30.02   91
3    74.0  78.4   2:28pm  70.3  11:50pm    0    9  1.12   2  12   2:01pm  NE 29.98   93
4    77.2  88.6   4:15pm  66.5   6:35am    0   12  0.00   1  10   1:57pm  NE 29.99   80
5    78.8  90.0   1:39pm  68.7   6:32am    0   14  0.00   1  13  12:13pm WSW 29.95   79
6    81.6  92.3   3:45pm  72.1   1:31am    0   17  0.00   2  14  11:14am WSW 29.90   79
7    77.7  88.7  11:51am  72.2   3:50am    0   13  0.00   3  20   1:10pm  NE 29.88   83
8    72.2  76.5   4:15pm  68.2   7:43am    0    7  2.66   2  14   7:42am  NE 29.92   93
9    75.7  82.4   5:40pm  70.8   6:35am    0   11  0.02   2  17  12:05pm   W 29.93   92
10   81.6  92.2   2:44pm  72.9  12:44am    0   17  0.00   2  13   3:20pm  SW 29.91   86
11   83.4  92.0   3:43pm  77.0   6:35am    0   18  0.00   2  12  10:00pm   S 29.91   81
12   84.8  94.7   4:14pm  75.2   7:12am    0   20  0.00   5  20   3:43pm SSW 29.84   77
13   79.9  86.6  10:49am  72.7  11:51pm    0   15  0.00   2  17  12:56pm   N 29.90   82
14   78.6  89.5   3:20pm  70.2   6:12am    0   14  0.00   1  11   4:08pm NNE 30.01   79
15   78.0  91.3   2:29pm  66.1   6:23am    0   13  0.00   2  18   4:07pm NNE 29.99   79
16   76.8  84.6   4:06pm  70.6   9:56am    0   12  0.11   3  15   9:32pm   S 29.93   82
17   81.3  91.3   4:14pm  69.7   5:36am    0   16  0.00   3  20   6:52pm   S 29.86   74
18   80.0  86.8   4:10pm  73.5   8:16am    0   15  0.00   3  16  11:16am   S 29.86   77
19   83.6  94.5   4:05pm  71.9   6:49am    0   19  0.00   2  12  10:00am   S 29.95   74
20   84.2  94.3   4:15pm  73.9   6:36am    0   19  0.00   3  16   2:00pm   S 29.98   75
21   79.9  93.2   3:15pm  71.8   6:45am    0   15  0.00   3  18   5:39pm SSW 29.96   78
---------------------------------------------------------------------------------------
TOT  79.0  94.7  8/12/19  66.1  8/15/19    0  295  5.24   2  20   8/7/19  NE 29.94   82

HEAT BASE: 65.0
COOL BASE: 65.0