Climate Report   Welcome to Northwest Arkansas Weather.com - NOAA-Style Climate Reports
NOAA style reports

NOAA-Style Climate Reports for Bentonville Arkansas (nwarwx.com)


Report for 2020 11
                  MONTHLY CLIMATOLOGICAL SUMMARY FOR 11/2020
                                        HEAT  COOL        
     MEAN                               DEG   DEG       WIND SPEED       DOM MEAN  MEAN
DAY  TEMP  HIGH   TIME     LOW   TIME   DAYS  DAYS RAIN AVG  HI  TIME    DIR BAROM HUM
---------------------------------------------------------------------------------------
1    46.3  60.3   2:10pm  34.4  11:40pm   19    0  0.00   2  19  10:42am   N 30.53   62
2    47.3  64.7   1:46pm  30.8   5:00am   18    0  0.00   3  19  12:45pm  NE 30.51   60
3    56.2  76.1   1:48pm  36.7   6:21am   11    2  0.00   4  20   2:14pm WSW 30.30   59
4    60.3  75.3   1:14pm  48.2   1:51am    7    2  0.00   4  22   1:26pm   S 30.25   56
5    61.1  76.5   1:25pm  46.6   7:10am    7    3  0.00   2  17  10:38am SSW 30.25   71
6    59.6  75.5   1:38pm  48.6   6:50am    8    2  0.00   1  13  12:42pm   W 30.23   76
7    59.9  75.8   1:29pm  44.9   4:20am    7    2  0.00   2  17   1:43pm   E 30.16   77
8    65.8  76.2  12:06pm  55.7   6:54am    2    3  0.00   4  27  11:52am  SE 30.08   82
9    69.6  78.0   2:13pm  65.6   6:33am    0    5  0.00   5  25  10:44am   S 29.99   80
10   57.2  71.7  10:09am  35.9  11:57pm    9    2  0.14   6  30  10:57am WNW 29.91   86
11   44.6  60.9   2:41pm  31.6   5:52am   20    0  0.01   3  12   7:23am ENE 30.15   71
12   53.3  69.2   2:37pm  41.4   3:44am   12    0  0.00   3  20   3:06pm   E 30.12   57
13   47.0  58.0   4:02pm  32.5   7:01am   18    0  0.00   4  15  10:12am ENE 30.25   65
14   59.8  68.2   6:55pm  50.6  11:57pm    6    1  0.69   6  44   8:30pm   S 29.84   84
15   46.3  57.3   1:51pm  33.5  11:47pm   19    0  0.01   7  29   1:41am WNW 30.22   56
16   47.2  68.0   2:40pm  31.2   3:34am   18    0  0.00   4  27   1:10pm   W 30.40   57
17   49.7  68.8   2:23pm  33.2   6:50am   16    0  0.00   2  18  10:21am   W 30.54   58
18   54.6  68.7   2:03pm  38.1   2:57am   11    0  0.00   5  26  11:27am   S 30.38   48
19   62.3  72.3   2:35pm  55.1   5:20am    4    1  0.00   9  34   1:35pm SSW 30.20   48
20   62.7  72.3  11:35am  54.6   1:01am    3    1  0.00   3  24  11:01am   S 30.31   81
21   58.7  61.6  12:02am  49.7  11:54pm    6    0  0.51   2  19   8:43pm  SW 30.30   93
22   43.1  49.7  12:00am  32.7  11:57pm   22    0  0.10   2  16   3:09pm   N 30.38   91
23   43.3  57.6   2:38pm  29.9   4:32am   22    0  0.00   3  17  11:12am ESE 30.36   76
24   51.6  56.5   9:45pm  46.7  12:42am   13    0  0.87   5  23   9:27am SSE 29.99   83
25   42.1  54.6   2:52am  32.7  11:59pm   23    0  0.03   7  33   3:27am   W 29.97   93
26   46.0  65.6   3:26pm  29.3   4:27am   19    0  0.00   2  11   1:18pm ESE 30.12   72
27   47.4  59.2   1:41pm  35.6  11:46pm   18    0  0.00   3  17  12:51pm NNE 30.22   76
28   33.1  35.7  12:00am  29.3   3:57am    5    0  0.00   0   3  12:13am ENE 30.34   82
---------------------------------------------------------------------------------------
TOT  53.3  78.0  11/9/20  29.3 11/26/20  342   25  2.36   4  44 11/14/20   S 30.22   71

HEAT BASE: 65.0
COOL BASE: 65.0