NOAA style reports

NOAA-Style Climate Reports for Bentonville Arkansas (nwarwx.com)


Report for 2019 02
                  MONTHLY CLIMATOLOGICAL SUMMARY FOR 2/2019
                                        HEAT  COOL        
     MEAN                               DEG   DEG       WIND SPEED       DOM MEAN  MEAN
DAY  TEMP  HIGH   TIME     LOW   TIME   DAYS  DAYS RAIN AVG  HI  TIME    DIR BAROM HUM
---------------------------------------------------------------------------------------
1    46.3  55.9   3:42pm  37.9   1:04am   19    0  0.00   1   9  12:47pm SSW 30.22   87
2    53.6  61.4   2:01pm  45.3   3:07am   11    0  0.00   4  19   1:54pm   S 30.10   85
3    58.4  64.2   3:19pm  51.1  12:00am    7    0  0.00   7  28  12:07pm   S 29.85   84
4    57.9  70.9   1:16pm  41.6  11:49pm    8    1  0.00   7  31   1:15am SSW 29.79   79
5    55.7  73.4   2:42pm  41.5   3:13am   11    1  0.02   3  30  12:51pm ENE 29.89   84
6    51.8  60.6  11:07pm  40.4  11:41pm   13    0  0.07   1  40  11:10pm  NE 29.82   95
7    26.7  47.2   2:18am  15.0  11:37pm   38    0  0.64   7  40   2:58am WNW 30.13   89
8    19.8  30.7   2:44pm  11.1   7:16am   45    0  0.00   3  14   9:51am  NE 30.75   67
9    29.5  42.6   1:35pm  17.9   6:44am   36    0  0.00   3  13   8:38am ENE 30.65   61
10   38.6  43.0   3:54pm  33.7   4:27am   26    0  0.01   4  19  10:39am SSW 30.24   86
11   46.7  51.9   2:36pm  41.8  12:00am   18    0  0.53   3  18   6:14pm   E 29.86   96
12   38.6  49.3  12:00am  30.8  11:54pm   26    0  0.17   6  26   2:54pm WNW 30.10   76
13   44.9  59.6  12:53pm  28.2   4:05am   20    0  0.00   7  29  10:52am SSW 30.09   55
14   51.9  61.6   4:35pm  30.9  11:59pm   13    0  0.00  10  34   3:31am SSW 29.72   61
15   30.0  32.8   1:20pm  23.4  11:59pm   35    0  0.11   5  19   7:24am  NE 29.93   88
16   29.3  35.9  11:29pm  22.3   1:38am   36    0  0.01   2  14  12:11am ENE 29.93   92
17   31.8  37.2   2:37pm  24.4  11:58pm   33    0  0.03   6  22   6:52am WNW 29.99   84
18   27.2  36.8   1:20pm  17.7   7:09am   38    0  0.00   3  15  12:16pm  NE 30.44   72
19   32.4  39.9  12:29pm  28.7   6:17am   33    0  0.32   4  21  11:17am ENE 30.25   77
20   38.4  47.7   3:37pm  33.5  12:00am   27    0  0.01   5  19   6:43am WSW 29.96   85
21   39.1  48.1   3:01pm  30.9   5:01am   17    0  0.00   2  18   9:45am  NE 30.16   79
---------------------------------------------------------------------------------------
TOT  40.4  73.4   2/5/19  11.1   2/8/19  509    2  1.92   4  40   2/6/19 ENE 30.09   80

HEAT BASE: 65.0
COOL BASE: 65.0