NOAA style reports

NOAA-Style Climate Reports for Bentonville Arkansas (nwarwx.com)


Report for 2018 05
                  MONTHLY CLIMATOLOGICAL SUMMARY FOR 5/2018
                                        HEAT  COOL        
     MEAN                               DEG   DEG       WIND SPEED       DOM MEAN  MEAN
DAY  TEMP  HIGH   TIME     LOW   TIME   DAYS  DAYS RAIN AVG  HI  TIME    DIR BAROM HUM
---------------------------------------------------------------------------------------
1    68.9  75.0   2:49pm  62.3   5:45am    0    4  0.00   4  26   3:09pm   S 29.96   66
2    73.0  80.6   4:11pm  67.7   5:20am    0    8  0.00   7  23   4:57pm   S 29.97   74
3    65.7  73.9  12:04am  61.9   8:46am    1    1  3.22   5  38  12:51am SSW 29.93   89
4    65.4  72.2   5:10pm  55.7  11:33pm    1    2  0.08   4  23   4:18am   N 30.06   83
5    65.7  82.1   3:04pm  50.1   5:40am    5    5  0.00   2  17   3:15pm   N 30.10   68
6    69.5  85.3   4:11pm  52.0   6:06am    3    8  0.00   3  19  12:53pm   W 30.08   63
7    73.1  88.1   4:07pm  57.1   6:13am    1    9  0.00   1  11   4:58pm  NE 30.07   58
8    74.9  87.2   3:07pm  61.6   6:37am    0   10  0.00   4  26   1:55pm   E 29.96   58
9    77.5  87.6   3:50pm  68.6   3:52am    0   13  0.00   6  33   1:36am  SW 29.88   57
10   72.9  83.0   4:22pm  63.2   6:39am    0    8  0.01   4  22   3:09pm  SW 29.94   60
11   74.5  84.4   3:21pm  64.7   4:33am    0   10  0.00   7  32  10:46am   S 29.85   60
12   75.4  84.2   2:20pm  69.1   5:41am    0   10  0.00   6  24   9:15am   S 29.92   68
13   75.3  86.0   3:12pm  62.6   5:22am    0   10  0.00   3  20   1:12pm   S 29.98   72
14   76.6  88.0   3:20pm  64.5   5:26am    0   12  0.00   4  22   4:31pm   S 29.93   70
15   70.5  81.8   4:34pm  62.0   5:07am    1    6  0.17   2  21   1:46am   E 29.94   82
16   67.5  82.0  12:40pm  60.5  11:54pm    1    3  0.36   2  25   3:13pm   E 29.92   89
17   70.5  84.9   3:30pm  57.0   6:43am    2    7  0.00   2  16   7:41pm  NE 29.91   76
18   73.6  86.5   3:52pm  61.8   5:00am    0    9  0.00   1  12  12:26pm ENE 29.83   72
19   77.3  87.4   3:56pm  65.5   6:16am    0   12  0.00   3  21   2:08pm   E 29.85   69
20   73.6  84.2   4:00pm  66.6   7:53am    0    9  0.00   3  20   5:34pm WSW 29.99   78
21   72.9  84.0   3:46pm  66.0   6:17am    0    8  0.00   2  15   1:59pm   S 30.01   81
22   74.8  88.4   2:34pm  63.4   3:53am    0   10  0.00   1  22   6:14pm  SE 30.00   77
23   71.3  83.1  11:40am  64.6  11:48pm    0    6  0.00   2  24  12:28pm   E 30.06   86
24   71.7  83.8  12:04pm  63.7   1:21am    0    7  0.38   1  14   2:27pm   E 30.06   85
25   67.7  68.4   1:27am  66.5   2:28am    0    0  0.00   0   3  12:19am SSE 30.00   89
---------------------------------------------------------------------------------------
TOT  72.2  88.4  5/22/18  50.1   5/5/18   16  188  4.22   3  38   5/3/18   S 29.97   73

HEAT BASE: 65.0
COOL BASE: 65.0