NOAA style reports

NOAA-Style Climate Reports for Bentonville Arkansas (nwarwx.com)


Report for 2020 01
                  MONTHLY CLIMATOLOGICAL SUMMARY FOR 1/2020
                                        HEAT  COOL        
     MEAN                               DEG   DEG       WIND SPEED       DOM MEAN  MEAN
DAY  TEMP  HIGH   TIME     LOW   TIME   DAYS  DAYS RAIN AVG  HI  TIME    DIR BAROM HUM
---------------------------------------------------------------------------------------
1    41.7  55.5  12:32pm  27.5   2:44am   23    0  0.00   6  27   1:19pm SSW 29.88   58
2    49.0  55.9  12:54pm  43.4  12:14am   16    0  0.00   4  18   1:55am   S 29.65   84
3    43.3  49.3  12:12am  34.7   8:40pm   22    0  0.00   3  15   1:51pm WNW 29.92   84
4    37.2  47.2   2:24pm  30.2   7:31am   28    0  0.00   4  16   4:07am WNW 30.28   54
5    43.0  58.7   2:18pm  29.9  11:59pm   22    0  0.00   3  20  10:34am NNE 30.26   56
6    39.7  55.9   2:48pm  25.8   7:28am   25    0  0.00   3  15   4:04pm NNE 30.20   66
7    40.1  55.2   2:31pm  28.5   5:51am   25    0  0.00   3  16   1:10pm WNW 30.32   57
8    47.9  61.5   2:49pm  31.0   4:21am   17    0  0.00   6  30  12:24pm   S 30.23   46
9    54.8  57.6  11:52pm  52.2  12:37am   10    0  0.12   7  29  10:49am   S 29.99   78
10   57.3  65.6  11:12am  38.4  11:58pm    8    0  2.31   5  30   4:03pm   S 29.86   93
11   27.9  38.4  12:00am  22.5  10:22pm   37    0  0.19   6  20   2:15am WNW 30.03   92
12   32.7  47.7   2:46pm  22.6  12:00am   32    0  0.16   4  22   2:48pm SSW 30.23   84
13   42.5  58.5   1:03pm  29.0   4:37am   22    0  0.00   3  21  11:33am SSE 30.21   80
14   49.6  58.5   3:17pm  39.7  12:56am   15    0  0.01   3  14  11:57pm SSE 30.11   89
15   55.4  66.4  11:37am  43.8  11:58pm   10    0  0.00   6  25   8:57am SSW 30.11   86
16   37.7  43.8  12:00am  29.4   7:51am   27    0  0.00   7  23   6:14pm ENE 30.57   71
17   39.4  51.0  11:56pm  32.8   3:19am   25    0  1.10   6  27  10:49pm ESE 30.26   89
18   42.3  52.5   2:43am  28.4  11:54pm   23    0  0.20   7  27   4:18am WNW 30.25   73
19   30.3  42.4   2:20pm  22.0  11:56pm   35    0  0.00   3  16  11:23am NNW 30.56   63
20   26.8  41.8   3:10pm  17.1   7:02am   38    0  0.00   2  12   6:04pm NNE 30.63   63
21   30.3  44.2   3:28pm  19.3   2:39am   35    0  0.00   4  14   9:45am SSE 30.54   71
22   34.0  36.8   8:48pm  30.3   6:35am   31    0  0.31   5  20  12:47pm SSE 30.15   86
23   37.3  40.0   5:02pm  35.5   6:29am   28    0  0.09   5  21   9:06pm SSW 29.98   94
24   32.9  36.7  12:00am  31.0  10:13am   32    0  0.01   9  23  11:24am WNW 30.06   90
25   37.3  52.1   3:33pm  24.8   6:39am   28    0  0.01   1  12  12:19am   W 30.15   80
26   40.9  54.9  10:59am  34.5   7:05am   11    0  0.00   1  12  10:58am   S 30.05   90
---------------------------------------------------------------------------------------
TOT  40.4  66.4  1/15/20  17.1  1/20/20  625    0  4.51   4  30   1/8/20   S 30.17   76

HEAT BASE: 65.0
COOL BASE: 65.0