Climate Report   Welcome to Northwest Arkansas Weather.com - NOAA-Style Climate Reports
NOAA style reports

NOAA-Style Climate Reports for Bentonville Arkansas (nwarwx.com)


Report for 2022 05
                  MONTHLY CLIMATOLOGICAL SUMMARY FOR 5/2022
                                        HEAT  COOL        
     MEAN                               DEG   DEG       WIND SPEED       DOM MEAN  MEAN
DAY  TEMP  HIGH   TIME     LOW   TIME   DAYS  DAYS RAIN AVG  HI  TIME    DIR BAROM HUM
---------------------------------------------------------------------------------------
1    61.7  77.2   5:05pm  46.3   6:57am    7    3  0.00   2  20   1:17pm  SW 29.97   57
2    60.0  66.1   9:42pm  54.4   8:01am    5    0  1.75   3  42   9:45pm   E 29.82   81
3    54.0  62.3  12:00am  46.7   9:47am   11    0  0.26   4  24   3:48am WNW 29.90   82
4    53.4  61.2   3:53pm  48.3   1:09am   12    0  1.40   5  31  11:20am ENE 29.98   87
5    60.4  70.3   1:31pm  55.4   4:44am    5    0  2.76   2  19  11:28pm ENE 29.80   89
6    57.9  69.0   6:55pm  53.0   8:25am    7    0  0.16   6  23  11:24am WNW 29.78   84
7    65.0  82.7   4:44pm  49.5   5:19am    5    5  0.00   2  18  10:26am ENE 29.81   68
8    71.3  82.8   3:47pm  60.9   4:18am    1    7  0.00   5  30  12:40pm   S 29.62   64
9    78.2  86.7   2:40pm  70.2  12:02am    0   13  0.00   7  34   9:01am SSW 29.66   73
10   79.2  86.6   6:01pm  73.9   6:47am    0   14  0.00   6  30  11:10am  SW 29.89   72
11   79.4  91.5   3:53pm  68.6   5:52am    0   14  0.00   3  24   1:35pm  SE 30.00   69
12   79.5  94.2   4:16pm  65.6   6:59am    0   14  0.00   3  16   9:18am  SW 29.91   64
13   76.8  89.6  12:04pm  66.4   6:55am    0   12  0.00   2  35  12:52pm   N 29.82   63
14   77.3  90.1   5:02pm  66.8   6:02am    0   12  0.00   2  17   4:12pm   N 29.85   65
15   70.3  82.5  10:59am  65.0   2:04pm    0    5  0.55   2  35  12:54pm   W 29.87   75
16   71.4  85.8   4:06pm  59.5   6:54am    1    7  0.00   1  15  10:23am NNE 29.94   63
17   70.8  80.8   5:24pm  62.5   4:23am    0    6  0.00   2  28   2:08pm   E 29.88   70
18   77.4  90.3   4:02pm  65.7   6:44am    0   12  0.06   3  23   4:27am WSW 29.76   72
19   72.2  80.3  12:56pm  69.4   3:57am    0    4  0.01   4  33  11:00am WSW 29.64   80
---------------------------------------------------------------------------------------
TOT  69.2  94.2  5/12/22  46.3   5/1/22   54  132  6.95   3  42   5/2/22 ENE 29.84   72

HEAT BASE: 65.0
COOL BASE: 65.0